{"id":8958,"date":"2017-11-02T21:53:13","date_gmt":"2017-11-02T20:53:13","guid":{"rendered":"https:\/\/fitnfemale.com\/?post_type=product&#038;p=8958"},"modified":"2026-04-18T12:10:08","modified_gmt":"2026-04-18T11:10:08","slug":"protein-chips","status":"publish","type":"product","link":"https:\/\/fitnfemale.com\/deu\/produkt\/protein-chips\/","title":{"rendered":"Protein Chips"},"content":{"rendered":"<h3>HIGHLIGHTS<\/h3>\n<ul>\n<li class=\"bullet-star\">Spitzenn\u00e4hrwerte<\/li>\n<li class=\"bullet-star\">72% weniger Kohlenhydrate<\/li>\n<li class=\"bullet-star\">68% weniger Fett<\/li>\n<li class=\"bullet-star\">nur 90 &#8211; 100 Kalorien (je nach Geschmack) pro Beutel<\/li>\n<li class=\"bullet-star\">hoher Proteinanteil und reich an Ballaststoffen<\/li>\n<li class=\"bullet-star\">knusprig &amp; lecker &#8211; der perfekte Protein-Snack<\/li>\n<\/ul>\n<p>&nbsp;<\/p>\n<div class=\"accordion\">\n\t<div id=\"accordion-3823668278\" class=\"accordion-item\">\n\t\t<a id=\"accordion-3823668278-label\" class=\"accordion-title plain active\" href=\"#accordion-item-n\u00e4hrwerte\" aria-expanded=\"true\" aria-controls=\"accordion-3823668278-content\">\n\t\t\t<button class=\"toggle\" aria-label=\"Toggle\"><i class=\"icon-angle-down\" aria-hidden=\"true\"><\/i><\/button>\n\t\t\t<span>N\u00e4hrwerte<\/span>\n\t\t<\/a>\n\t\t<div id=\"accordion-3823668278-content\" class=\"accordion-inner\" style=\"display: block;\" aria-labelledby=\"accordion-3823668278-label\">\n\t\t\t\n<div class=\"row\"  id=\"row-1843380017\">\n\n\t<div id=\"col-163347644\" class=\"col small-12 large-12\"  >\n\t\t\t\t<div class=\"col-inner text-center\"  >\n\t\t\t\n\t\t\t\n\t<div class=\"img has-hover x md-x lg-x y md-y lg-y\" id=\"image_1614330141\">\n\t\t\t\t\t\t\t\t<div class=\"img-inner dark\" >\n\t\t\t<img decoding=\"async\" width=\"800\" height=\"800\" src=\"https:\/\/fitnfemale.com\/wp-content\/uploads\/protein-chips-shop-ingredients-800x800.jpg\" class=\"attachment-large size-large\" alt=\"Protein chips shop ingredients\" srcset=\"https:\/\/fitnfemale.com\/wp-content\/uploads\/protein-chips-shop-ingredients-800x800.jpg 800w, https:\/\/fitnfemale.com\/wp-content\/uploads\/protein-chips-shop-ingredients-510x510.jpg 510w, https:\/\/fitnfemale.com\/wp-content\/uploads\/protein-chips-shop-ingredients-200x200.jpg 200w, https:\/\/fitnfemale.com\/wp-content\/uploads\/protein-chips-shop-ingredients-280x280.jpg 280w, https:\/\/fitnfemale.com\/wp-content\/uploads\/protein-chips-shop-ingredients-400x400.jpg 400w, https:\/\/fitnfemale.com\/wp-content\/uploads\/protein-chips-shop-ingredients-768x768.jpg 768w, https:\/\/fitnfemale.com\/wp-content\/uploads\/protein-chips-shop-ingredients-130x130.jpg 130w, https:\/\/fitnfemale.com\/wp-content\/uploads\/protein-chips-shop-ingredients-150x150.jpg 150w, https:\/\/fitnfemale.com\/wp-content\/uploads\/protein-chips-shop-ingredients.jpg 1000w\" sizes=\"(max-width: 800px) 100vw, 800px\" \/>\t\t\t\t\t\t\n\t\t\t\t\t<\/div>\n\t\t\t\t\t\t\t\t\n<style>\n#image_1614330141 {\n  width: 100%;\n}\n@media (min-width:550px) {\n  #image_1614330141 {\n    width: 64%;\n  }\n}\n<\/style>\n\t<\/div>\n\t\n\t\t<\/div>\n\t\t\t\t\t<\/div>\n\n\t\n\n<style>\n#row-1843380017 > .col > .col-inner {\n  background-color: rgb(241, 161, 193);\n}\n<\/style>\n<\/div>\n\t\t<\/div>\n\t<\/div>\n\t\n\t<div id=\"accordion-4043762025\" class=\"accordion-item\">\n\t\t<a id=\"accordion-4043762025-label\" class=\"accordion-title plain\" href=\"#accordion-item-mehr-informationen\" aria-expanded=\"false\" aria-controls=\"accordion-4043762025-content\">\n\t\t\t<button class=\"toggle\" aria-label=\"Toggle\"><i class=\"icon-angle-down\" aria-hidden=\"true\"><\/i><\/button>\n\t\t\t<span>Mehr Informationen<\/span>\n\t\t<\/a>\n\t\t<div id=\"accordion-4043762025-content\" class=\"accordion-inner\" aria-labelledby=\"accordion-4043762025-label\">\n\t\t\t\n\t<div class=\"img has-hover x md-x lg-x y md-y lg-y\" id=\"image_2033289276\">\n\t\t\t\t\t\t\t\t<div class=\"img-inner dark\" >\n\t\t\t<img decoding=\"async\" width=\"800\" height=\"800\" src=\"https:\/\/fitnfemale.com\/wp-content\/uploads\/protein-chips-shop-back-800x800.jpg\" class=\"attachment-large size-large\" alt=\"Protein chips shop back\" srcset=\"https:\/\/fitnfemale.com\/wp-content\/uploads\/protein-chips-shop-back-800x800.jpg 800w, https:\/\/fitnfemale.com\/wp-content\/uploads\/protein-chips-shop-back-510x510.jpg 510w, https:\/\/fitnfemale.com\/wp-content\/uploads\/protein-chips-shop-back-200x200.jpg 200w, https:\/\/fitnfemale.com\/wp-content\/uploads\/protein-chips-shop-back-280x280.jpg 280w, https:\/\/fitnfemale.com\/wp-content\/uploads\/protein-chips-shop-back-400x400.jpg 400w, https:\/\/fitnfemale.com\/wp-content\/uploads\/protein-chips-shop-back-768x768.jpg 768w, https:\/\/fitnfemale.com\/wp-content\/uploads\/protein-chips-shop-back-130x130.jpg 130w, https:\/\/fitnfemale.com\/wp-content\/uploads\/protein-chips-shop-back-150x150.jpg 150w, https:\/\/fitnfemale.com\/wp-content\/uploads\/protein-chips-shop-back.jpg 1000w\" sizes=\"(max-width: 800px) 100vw, 800px\" \/>\t\t\t\t\t\t\n\t\t\t\t\t<\/div>\n\t\t\t\t\t\t\t\t\n<style>\n#image_2033289276 {\n  width: 100%;\n}\n<\/style>\n\t<\/div>\n\t\n\t\t<\/div>\n\t<\/div>\n\t\n<\/div>","protected":false},"excerpt":{"rendered":"<h2>Protein Chips mit den besten N\u00e4hrwerten! Auch f\u00fcr die Bikini-Figur geeignet.<\/h2>\n<h4 class=\"translation-block\">Die <strong>PROTEIN CHIPS<\/strong> sind k\u00f6stliche, knusprige Protein Chips mit Spitzenwerten und Suchtgefahr. Solche Werte findest du bei fast keinem vergleichbaren Produkt. Die 25g-Beutel eignen sich perfekt f\u00fcr unterwegs, f\u00fcr den kleinen Snack zwischendurch oder aber einen Serienmarathon.<\/h4>","protected":false},"featured_media":633914,"comment_status":"open","ping_status":"closed","template":"","meta":{"slim_seo":{"title":"Protein Chips - FitNFemale\u00ae","description":"Protein Chips mit den besten N\u00e4hrwerten! Auch f\u00fcr die Bikini-Figur geeignet. Die PROTEIN CHIPS sind k\u00f6stliche, knusprige Protein Chips mit Spitzenwerten und Suc"}},"product_brand":[],"product_cat":[6363,292,303,1054],"product_tag":[],"class_list":{"0":"post-8958","1":"product","2":"type-product","3":"status-publish","4":"has-post-thumbnail","6":"product_cat-promo-40","7":"product_cat-food","8":"product_cat-snack","9":"product_cat-snacks","10":"pa_anwendungsbereiche-gesunder-snack","11":"pa_marke-fitnfemale","12":"pa_nutritionfactinfo-highprotein","13":"pa_nutritionfactinfo-lowcalories","14":"pa_nutritionfactinfo-lowcarb","15":"pa_nutritionfactinfo-lowfat","16":"pa_nutritionfactinfo-lowsugar","17":"pa_schwangerschaft-geeignet","18":"pa_stillzeit-geeignet","19":"pa_vegan-nein","21":"first","22":"outofstock","23":"sale","24":"taxable","25":"shipping-taxable","26":"purchasable","27":"product-type-variable","28":"has-default-attributes"},"bundled_by":["11542","23613","8965"],"bundle_stock_status":"outofstock","bundle_stock_quantity":null,"bundle_virtual":false,"bundle_layout":"","bundle_add_to_cart_form_location":"","bundle_editable_in_cart":false,"bundle_sold_individually_context":"","bundle_item_grouping":"","bundle_min_size":"","bundle_max_size":"","bundle_price":[],"bundled_items":[],"bundle_sell_ids":[],"gallery_images":[616576,616583,406989],"_links":{"self":[{"href":"https:\/\/fitnfemale.com\/deu\/wp-json\/wp\/v2\/product\/8958","targetHints":{"allow":["GET"]}}],"collection":[{"href":"https:\/\/fitnfemale.com\/deu\/wp-json\/wp\/v2\/product"}],"about":[{"href":"https:\/\/fitnfemale.com\/deu\/wp-json\/wp\/v2\/types\/product"}],"replies":[{"embeddable":true,"href":"https:\/\/fitnfemale.com\/deu\/wp-json\/wp\/v2\/comments?post=8958"}],"wp:featuredmedia":[{"embeddable":true,"href":"https:\/\/fitnfemale.com\/deu\/wp-json\/wp\/v2\/media\/633914"}],"wp:attachment":[{"href":"https:\/\/fitnfemale.com\/deu\/wp-json\/wp\/v2\/media?parent=8958"}],"wp:term":[{"taxonomy":"product_brand","embeddable":true,"href":"https:\/\/fitnfemale.com\/deu\/wp-json\/wp\/v2\/product_brand?post=8958"},{"taxonomy":"product_cat","embeddable":true,"href":"https:\/\/fitnfemale.com\/deu\/wp-json\/wp\/v2\/product_cat?post=8958"},{"taxonomy":"product_tag","embeddable":true,"href":"https:\/\/fitnfemale.com\/deu\/wp-json\/wp\/v2\/product_tag?post=8958"}],"curies":[{"name":"wp","href":"https:\/\/api.w.org\/{rel}","templated":true}]}}