{"id":699958,"date":"2022-12-19T15:06:25","date_gmt":"2022-12-19T14:06:25","guid":{"rendered":"https:\/\/fitnfemale.com\/?post_type=product&#038;p=699958"},"modified":"2026-04-12T18:12:50","modified_gmt":"2026-04-12T17:12:50","slug":"collagen-smart-shake","status":"publish","type":"product","link":"https:\/\/fitnfemale.com\/deu\/produkt\/collagen-smart-shake\/","title":{"rendered":"Whey Collagen Smart Shake"},"content":{"rendered":"<div class=\"img has-hover img-details x md-x lg-x y md-y lg-y\" id=\"image_590764299\">\n\t\t\t\t\t\t\t\t<div class=\"img-inner dark\" >\n\t\t\t<img decoding=\"async\" width=\"1020\" height=\"569\" src=\"https:\/\/fitnfemale.com\/wp-content\/uploads\/collagen-smart-shake-details.webp\" class=\"attachment-large size-large\" alt=\"Collagen smart shake details\" srcset=\"https:\/\/fitnfemale.com\/wp-content\/uploads\/collagen-smart-shake-details.webp 1376w, https:\/\/fitnfemale.com\/wp-content\/uploads\/collagen-smart-shake-details-717x400.webp 717w, https:\/\/fitnfemale.com\/wp-content\/uploads\/collagen-smart-shake-details-768x429.webp 768w, https:\/\/fitnfemale.com\/wp-content\/uploads\/collagen-smart-shake-details-18x10.webp 18w, https:\/\/fitnfemale.com\/wp-content\/uploads\/collagen-smart-shake-details-1000x558.webp 1000w\" sizes=\"(max-width: 1020px) 100vw, 1020px\" \/>\t\t\t\t\t\t\n\t\t\t\t\t<\/div>\n\t\t\t\t\t\t\t\t\n<style>\n#image_590764299 {\n  width: 100%;\n}\n<\/style>\n\t<\/div>\n\t\n<ul>\n<li class=\"bullet-star translation-block\"><strong>Hoher Proteingehalt:<\/strong> Ideal f\u00fcr einen proteinreichen Ern\u00e4hrungsplan.<\/li>\n<li class=\"bullet-star translation-block\"><strong>Fett- und kalorienarm:<\/strong> Unterst\u00fctzt einen gesunden Lebensstil ohne Kompromisse beim Geschmack.<\/li>\n<li class=\"bullet-star\"><strong>Patentierte Enzymmischung DigeZyme\u00ae:<\/strong> Enth\u00e4lt hochwertige Verdauungsenzyme.<\/li>\n<li class=\"bullet-star translation-block\"><strong>Ohne Zuckerzusatz:<\/strong> F\u00fcr alle, die ihren Zuckerkonsum reduzieren m\u00f6chten, aber nicht auf Geschmack verzichten wollen.<\/li>\n<li class=\"bullet-star translation-block\"><strong>100% recycelbare Verpackung:<\/strong> Wir setzen uns f\u00fcr Nachhaltigkeit ein und garantieren eine umweltfreundliche Verpackung.<\/li>\n<\/ul>\n<p>Unser Collagen Smart Shake bietet eine sorgf\u00e4ltig und einmalig zusammengestellte Rezeptur, die f\u00fcr Frauen, die auf ihre Ern\u00e4hrung achten, ideal ist. Geniesse die einfache Zubereitung mit hervorragender L\u00f6slichkeit und einem k\u00f6stlichen Geschmack.<\/p>\n<div class=\"accordion\">\n\t<div id=\"accordion-1635800544\" class=\"accordion-item\">\n\t\t<a id=\"accordion-1635800544-label\" class=\"accordion-title plain\" href=\"#accordion-item-n\u00e4hrwerte\" aria-expanded=\"false\" aria-controls=\"accordion-1635800544-content\">\n\t\t\t<button class=\"toggle\" aria-label=\"Toggle\"><i class=\"icon-angle-down\" aria-hidden=\"true\"><\/i><\/button>\n\t\t\t<span>N\u00e4hrwerte<\/span>\n\t\t<\/a>\n\t\t<div id=\"accordion-1635800544-content\" class=\"accordion-inner\" aria-labelledby=\"accordion-1635800544-label\">\n\t\t\t\n<table class=\"ffnf-clean-table\">\n<thead>\n<tr>\n<th>N\u00e4hrwerte<\/th>\n<th>100 g<\/th>\n<th>Portion (30 g)<\/th>\n<\/tr>\n<\/thead>\n<tbody>\n<tr>\n<td>Energie<\/td>\n<td>1541 kJ \/ 365 kcal<\/td>\n<td>462 kJ \/ 110 kcal<\/td>\n<\/tr>\n<tr>\n<td>Fett<br \/>\u2013 davon ges\u00e4ttigte Fetts\u00e4uren<\/td>\n<td>5,7 g<br \/>3,2 g<\/td>\n<td>1,7 g<br \/>1,0 g<\/td>\n<\/tr>\n<tr>\n<td class=\"translation-block\">Kohlenhydrate<br>\u2013 davon Zucker<\/td>\n<td>8,1 g<br \/>4,1 g<\/td>\n<td>2,4 g<br \/>1,2 g<\/td>\n<\/tr>\n<tr>\n<td>Ballaststoffe<\/td>\n<td>7,0 g<\/td>\n<td>2,1 g<\/td>\n<\/tr>\n<tr>\n<td>Eiwei\u00df<\/td>\n<td>66,6 g<\/td>\n<td>20,0 g<\/td>\n<\/tr>\n<tr>\n<td>Salz<\/td>\n<td>0,93 g<\/td>\n<td>0,28 g<\/td>\n<\/tr>\n<\/tbody>\n<\/table>\n\t\t<\/div>\n\t<\/div>\n\t\n\t<div id=\"accordion-1280562141\" class=\"accordion-item\">\n\t\t<a id=\"accordion-1280562141-label\" class=\"accordion-title plain\" href=\"#accordion-item-inhaltsstoffe\" aria-expanded=\"false\" aria-controls=\"accordion-1280562141-content\">\n\t\t\t<button class=\"toggle\" aria-label=\"Toggle\"><i class=\"icon-angle-down\" aria-hidden=\"true\"><\/i><\/button>\n\t\t\t<span>Inhaltsstoffe<\/span>\n\t\t<\/a>\n\t\t<div id=\"accordion-1280562141-content\" class=\"accordion-inner\" aria-labelledby=\"accordion-1280562141-label\">\n\t\t\t\n<table class=\"ffnf-clean-table\">\n<thead>\n<tr>\n<th>Inhaltsstoffe<\/th>\n<th>Portion (30 g)<\/th>\n<\/tr>\n<\/thead>\n<tbody>\n<tr>\n<td>Kollagenhydrolysat (Rind)<\/td>\n<td>5000 mg<\/td>\n<\/tr>\n<tr>\n<td>Apfelfaser<\/td>\n<td>1200 mg<\/td>\n<\/tr>\n<tr>\n<td>Akazienfaser<\/td>\n<td>150 mg<\/td>\n<\/tr>\n<tr>\n<td>Enzymmischung Digezyme\u00ae<\/td>\n<td>100 mg<\/td>\n<\/tr>\n<tr>\n<td>Flohsamenschalenpulver<\/td>\n<td>50 mg<\/td>\n<\/tr>\n<tr>\n<td>Lactobacillus casei<\/td>\n<td>600 Mio. CFU<\/td>\n<\/tr>\n<tr>\n<td>Lactococcus lactis<\/td>\n<td>600 Mio. CFU<\/td>\n<\/tr>\n<tr>\n<td>Bifidobacterium lactis<\/td>\n<td>240 Mio. CFU<\/td>\n<\/tr>\n<tr>\n<td>Bifidobacterium infantis<\/td>\n<td>120 Mio. CFU<\/td>\n<\/tr>\n<\/tbody>\n<\/table>\n\t\t<\/div>\n\t<\/div>\n\t\n\t<div id=\"accordion-3814359032\" class=\"accordion-item\">\n\t\t<a id=\"accordion-3814359032-label\" class=\"accordion-title plain\" href=\"#accordion-item-digezyme\u00ae---patentierte-verdauungsenzyme\" aria-expanded=\"false\" aria-controls=\"accordion-3814359032-content\">\n\t\t\t<button class=\"toggle\" aria-label=\"Toggle\"><i class=\"icon-angle-down\" aria-hidden=\"true\"><\/i><\/button>\n\t\t\t<span>DigeZyme\u00ae - Patentierte Verdauungsenzyme<\/span>\n\t\t<\/a>\n\t\t<div id=\"accordion-3814359032-content\" class=\"accordion-inner\" aria-labelledby=\"accordion-3814359032-label\">\n\t\t\t\n<p class=\"translation-block\">Verdauungsenzyme spielen eine wichtige Rolle bei der Aufspaltung von Nahrung in kleinere, leichter verarbeitbare Komponenten. Unser DigeZyme\u00ae enth\u00e4lt eine speziell entwickelte Mischung aus Verdauungsenzymen, darunter Amylase, Protease, Galactosidase, Lipase und Cellulase.<\/p>\n<p>Diese Enzyme unterst\u00fctzen den Abbau von Makron\u00e4hrstoffen wie Proteinen, Kohlenhydraten und Fetten. Durch fortschrittliche Produktionstechniken gew\u00e4hrleisten wir eine hohe Qualit\u00e4t unserer Multi-Enzym-Komplexes DigeZyme\u00ae, der in unserem Collagen Smart Shake, einer Premium-Protein-Formulierung, verwendet wird.<\/p>\n\t\t<\/div>\n\t<\/div>\n\t\n\t<div id=\"accordion-3639289762\" class=\"accordion-item\">\n\t\t<a id=\"accordion-3639289762-label\" class=\"accordion-title plain\" href=\"#accordion-item-pr\u00e4--und-probiotika-\u2013-schl\u00fcsselkomponenten-f\u00fcr-die-ern\u00e4hrung\" aria-expanded=\"false\" aria-controls=\"accordion-3639289762-content\">\n\t\t\t<button class=\"toggle\" aria-label=\"Toggle\"><i class=\"icon-angle-down\" aria-hidden=\"true\"><\/i><\/button>\n\t\t\t<span>Pr\u00e4- und Probiotika \u2013 Schl\u00fcsselkomponenten f\u00fcr die Ern\u00e4hrung<\/span>\n\t\t<\/a>\n\t\t<div id=\"accordion-3639289762-content\" class=\"accordion-inner\" aria-labelledby=\"accordion-3639289762-label\">\n\t\t\t\n<p>Pr\u00e4biotika sind unverdauliche Bestandteile der Nahrung, die den gesunden Darmbakterien als Nahrung dienen. Sie sind bekannt daf\u00fcr, dass sie das Wachstum und die Aktivit\u00e4t dieser n\u00fctzlichen Mikroorganismen unterst\u00fctzen. Probiotika hingegen sind lebende Bakterienst\u00e4mme, die in bestimmten Lebensmitteln und Erg\u00e4nzungen enthalten sind und zur Vielfalt unserer Darmflora beitragen.<\/p>\n<p>Die gemeinsame Aufnahme von Pr\u00e4- und Probiotika kann dazu beitragen, die allgemeine Zusammensetzung der Darmflora zu unterst\u00fctzen, was f\u00fcr die Verdauung wichtig ist. Indem Pr\u00e4biotika als Nahrungsquelle f\u00fcr Probiotika dienen, k\u00f6nnen sie die Effizienz der Probiotika verbessern, die ihrerseits dazu beitragen, ein ausgewogenes Darmmilieu zu f\u00f6rdern.<\/p>\n<p><strong>Typische Ziele einer ausgewogenen Darmflora sind:<\/strong><\/p>\n<ul>\n<li class=\"bullet-star\">Unterst\u00fctzung des Verdauungssystems<\/li>\n<li class=\"bullet-star\">F\u00f6rderung eines ausgeglichenen Mikrobioms<\/li>\n<\/ul>\n\t\t<\/div>\n\t<\/div>\n\t\n<\/div>","protected":false},"excerpt":{"rendered":"<h2>Smart\u00b3 f\u00fcr Beauty, Fitness und Verdauung!<\/h2>\n<h4>Der Shake enth\u00e4lt eine Kombination von Inhaltsstoffen, die traditionell mit Sch\u00f6nheit, Fitness und Verdauung in Verbindung gebracht werden. Die clevere und einzigartige Zusammensetzung kombiniert mit einem leckeren Geschmack spricht f\u00fcr sich.<\/h4>","protected":false},"featured_media":954106,"comment_status":"open","ping_status":"closed","template":"","meta":{"slim_seo":{"title":"Whey Collagen Smart Shake - FitNFemale\u00ae","description":"Smart\u00b3 f\u00fcr Beauty, Fitness und Verdauung! Der Shake enth\u00e4lt eine Kombination von Inhaltsstoffen, die traditionell mit Sch\u00f6nheit, Fitness und Verdauung in Verbin"}},"product_brand":[],"product_cat":[6629,1047,401],"product_tag":[6487,6486,6667,6489],"class_list":{"0":"post-699958","1":"product","2":"type-product","3":"status-publish","4":"has-post-thumbnail","6":"product_cat-basic","7":"product_cat-fit-strong","8":"product_cat-health","9":"product_tag-beauty","10":"product_tag-collagen","11":"product_tag-probiotika","12":"product_tag-skin","13":"pa_anwendungsbereiche-bindegewebe","14":"pa_anwendungsbereiche-for-your-workout","15":"pa_anwendungsbereiche-gelenke-und-knochen","16":"pa_anwendungsbereiche-health","17":"pa_anwendungsbereiche-skin-hair-nails","18":"pa_anwendungsbereiche-immune-system","19":"pa_anwendungsbereiche-verdauung","20":"pa_marke-fitnfemale","21":"pa_misc-aspartamfree","22":"pa_schwangerschaft-geeignet","23":"pa_stillzeit-geeignet","24":"pa_vegan-nein","26":"first","27":"instock","28":"taxable","29":"shipping-taxable","30":"purchasable","31":"product-type-variable","32":"has-default-attributes"},"bundled_by":["738321","738344","786592","786594"],"bundle_stock_status":"instock","bundle_stock_quantity":null,"bundle_virtual":false,"bundle_layout":"","bundle_add_to_cart_form_location":"","bundle_editable_in_cart":false,"bundle_sold_individually_context":"","bundle_item_grouping":"","bundle_min_size":"","bundle_max_size":"","bundle_price":[],"bundled_items":[],"bundle_sell_ids":[],"gallery_images":[953307,953306,906358,954108,954110,953305,954109,935049,954107,730408],"_links":{"self":[{"href":"https:\/\/fitnfemale.com\/deu\/wp-json\/wp\/v2\/product\/699958","targetHints":{"allow":["GET"]}}],"collection":[{"href":"https:\/\/fitnfemale.com\/deu\/wp-json\/wp\/v2\/product"}],"about":[{"href":"https:\/\/fitnfemale.com\/deu\/wp-json\/wp\/v2\/types\/product"}],"replies":[{"embeddable":true,"href":"https:\/\/fitnfemale.com\/deu\/wp-json\/wp\/v2\/comments?post=699958"}],"wp:featuredmedia":[{"embeddable":true,"href":"https:\/\/fitnfemale.com\/deu\/wp-json\/wp\/v2\/media\/954106"}],"wp:attachment":[{"href":"https:\/\/fitnfemale.com\/deu\/wp-json\/wp\/v2\/media?parent=699958"}],"wp:term":[{"taxonomy":"product_brand","embeddable":true,"href":"https:\/\/fitnfemale.com\/deu\/wp-json\/wp\/v2\/product_brand?post=699958"},{"taxonomy":"product_cat","embeddable":true,"href":"https:\/\/fitnfemale.com\/deu\/wp-json\/wp\/v2\/product_cat?post=699958"},{"taxonomy":"product_tag","embeddable":true,"href":"https:\/\/fitnfemale.com\/deu\/wp-json\/wp\/v2\/product_tag?post=699958"}],"curies":[{"name":"wp","href":"https:\/\/api.w.org\/{rel}","templated":true}]}}