{"id":660258,"date":"2022-06-01T20:13:40","date_gmt":"2022-06-01T19:13:40","guid":{"rendered":"https:\/\/fitnfemale.com\/?post_type=product&#038;p=660258"},"modified":"2026-04-05T18:10:42","modified_gmt":"2026-04-05T17:10:42","slug":"collagen-energy","status":"publish","type":"product","link":"https:\/\/fitnfemale.com\/deu\/produkt\/collagen-energy\/","title":{"rendered":"Collagen Energy"},"content":{"rendered":"<div class=\"img has-hover img-details x md-x lg-x y md-y lg-y\" id=\"image_1334346623\">\n\t\t\t\t\t\t\t\t<div class=\"img-inner dark\" >\n\t\t\t<img decoding=\"async\" width=\"1020\" height=\"569\" src=\"https:\/\/fitnfemale.com\/wp-content\/uploads\/collagen-energy-details-02.webp\" class=\"attachment-large size-large\" alt=\"Collagen energy details\" srcset=\"https:\/\/fitnfemale.com\/wp-content\/uploads\/collagen-energy-details-02.webp 1376w, https:\/\/fitnfemale.com\/wp-content\/uploads\/collagen-energy-details-02-717x400.webp 717w, https:\/\/fitnfemale.com\/wp-content\/uploads\/collagen-energy-details-02-768x429.webp 768w, https:\/\/fitnfemale.com\/wp-content\/uploads\/collagen-energy-details-02-18x10.webp 18w, https:\/\/fitnfemale.com\/wp-content\/uploads\/collagen-energy-details-02-1000x558.webp 1000w\" sizes=\"(max-width: 1020px) 100vw, 1020px\" \/>\t\t\t\t\t\t\n\t\t\t\t\t<\/div>\n\t\t\t\t\t\t\t\t\n<style>\n#image_1334346623 {\n  width: 100%;\n}\n<\/style>\n\t<\/div>\n\t\n<ul>\n<li class=\"bullet-star\">Perfekt auf Frauen zugeschnitten: Entwickelt, um deine spezifischen Bed\u00fcrfnisse zu unterst\u00fctzen.<\/li>\n<li class=\"bullet-star\">F\u00fcr Haare, Haut &amp; N\u00e4gel: Kollagen als Schl\u00fcsselkomponente f\u00fcr deine Sch\u00f6nheitsroutine.<\/li>\n<li class=\"bullet-star\">Hyaluron, hilft, Feuchtigkeit zu speichern, unterst\u00fctzend f\u00fcr das Hautbild.<\/li>\n<li class=\"bullet-star\">Nat\u00fcrlicher Energiekick: Nat\u00fcrliches Koffein aus Guarana und Gr\u00fcntee belebt, ohne Unruhe zu verursachen.<\/li>\n<li class=\"bullet-star\">Aussergew\u00f6hnlich l\u00f6slich: L\u00f6st sich schnell in Wasser auf und schmeckt hervorragend.<\/li>\n<li class=\"bullet-star\">Sch\u00f6nheit von Innen: Unterst\u00fctzt dein nat\u00fcrliches Strahlen.<\/li>\n<li class=\"bullet-star\">Ohne Zuckerzusatz und glutenfrei: Ideal f\u00fcr einen bewussten Lebensstil.<\/li>\n<li class=\"bullet-star\">Umweltbewusst verpackt: 100% recycelbares Material f\u00fcr weniger Umweltbelastung.<\/li>\n<\/ul>\n\n\t<section class=\"section dark\" id=\"section_1133100865\">\n\t\t<div class=\"section-bg fill\" >\n\t\t\t\t\t\t\t\t\t\n\t\t\t\n\n\t\t<\/div>\n\n\t\t\n\n\t\t<div class=\"section-content relative\">\n\t\t\t\n<div class=\"row\"  id=\"row-549343633\">\n\n\t<div id=\"col-241168227\" class=\"col medium-4 small-12 large-4\"  >\n\t\t\t\t<div class=\"col-inner\"  >\n\t\t\t\n\t\t\t\n\t<div class=\"box has-hover   has-hover box-text-bottom\" >\n\n\t\t<div class=\"box-image\" style=\"width:29%;\">\n\t\t\t\t\t\t<div class=\"\" >\n\t\t\t\t<img decoding=\"async\" width=\"233\" height=\"233\" src=\"https:\/\/fitnfemale.com\/wp-content\/uploads\/energy.png\" class=\"attachment- size-\" alt=\"Energy\" srcset=\"https:\/\/fitnfemale.com\/wp-content\/uploads\/energy.png 233w, https:\/\/fitnfemale.com\/wp-content\/uploads\/energy-200x200.png 200w, https:\/\/fitnfemale.com\/wp-content\/uploads\/energy-12x12.png 12w, https:\/\/fitnfemale.com\/wp-content\/uploads\/energy-130x130.png 130w\" sizes=\"(max-width: 233px) 100vw, 233px\" \/>\t\t\t\t\t\t\t\t\t\t\t<\/div>\n\t\t\t\t\t<\/div>\n\n\t\t<div class=\"box-text text-center\" >\n\t\t\t<div class=\"box-text-inner\">\n\t\t\t\t\n<h4 class=\"uppercase\">Energy &amp; Mood Booster<\/h4>\n<p>Belebender Kick aus nat\u00fcrlichem Koffein aus Guarana und Gr\u00fcntee.<\/p>\n\t\t\t<\/div>\n\t\t<\/div>\n\t<\/div>\n\t\n\t\t<\/div>\n\t\t\t\t\t<\/div>\n\n\t\n\n\t<div id=\"col-1787695693\" class=\"col medium-4 small-12 large-4\"  >\n\t\t\t\t<div class=\"col-inner\"  >\n\t\t\t\n\t\t\t\n\t<div class=\"box has-hover   has-hover box-text-bottom\" >\n\n\t\t<div class=\"box-image\" style=\"width:29%;\">\n\t\t\t\t\t\t<div class=\"\" >\n\t\t\t\t<img decoding=\"async\" width=\"233\" height=\"233\" src=\"https:\/\/fitnfemale.com\/wp-content\/uploads\/beauty.png\" class=\"attachment- size-\" alt=\"Beauty\" srcset=\"https:\/\/fitnfemale.com\/wp-content\/uploads\/beauty.png 233w, https:\/\/fitnfemale.com\/wp-content\/uploads\/beauty-200x200.png 200w, https:\/\/fitnfemale.com\/wp-content\/uploads\/beauty-12x12.png 12w, https:\/\/fitnfemale.com\/wp-content\/uploads\/beauty-130x130.png 130w\" sizes=\"(max-width: 233px) 100vw, 233px\" \/>\t\t\t\t\t\t\t\t\t\t\t<\/div>\n\t\t\t\t\t<\/div>\n\n\t\t<div class=\"box-text text-center\" >\n\t\t\t<div class=\"box-text-inner\">\n\t\t\t\t\n<h4 class=\"uppercase\">F\u00fcr Haare, Haut &amp; N\u00e4gel<\/h4>\n<p>Mit Kollagen, bekannt f\u00fcr seine strukturgebende Rolle.<\/p>\n\t\t\t<\/div>\n\t\t<\/div>\n\t<\/div>\n\t\n\t\t<\/div>\n\t\t\t\t\t<\/div>\n\n\t\n\n\t<div id=\"col-576790403\" class=\"col medium-4 small-12 large-4\"  >\n\t\t\t\t<div class=\"col-inner\"  >\n\t\t\t\n\t\t\t\n\t<div class=\"box has-hover   has-hover box-text-bottom\" >\n\n\t\t<div class=\"box-image\" style=\"width:32%;\">\n\t\t\t\t\t\t<div class=\"\" >\n\t\t\t\t<img decoding=\"async\" width=\"233\" height=\"233\" src=\"https:\/\/fitnfemale.com\/wp-content\/uploads\/bones.png\" class=\"attachment- size-\" alt=\"Bones\" srcset=\"https:\/\/fitnfemale.com\/wp-content\/uploads\/bones.png 233w, https:\/\/fitnfemale.com\/wp-content\/uploads\/bones-200x200.png 200w, https:\/\/fitnfemale.com\/wp-content\/uploads\/bones-12x12.png 12w, https:\/\/fitnfemale.com\/wp-content\/uploads\/bones-130x130.png 130w\" sizes=\"(max-width: 233px) 100vw, 233px\" \/>\t\t\t\t\t\t\t\t\t\t\t<\/div>\n\t\t\t\t\t<\/div>\n\n\t\t<div class=\"box-text text-center\" >\n\t\t\t<div class=\"box-text-inner\">\n\t\t\t\t\n<h4 class=\"uppercase\">Knochen &amp; Gelenke<\/h4>\n<p>Kollagen, wesentlich f\u00fcr die Gelenkstruktur.<\/p>\n\t\t\t<\/div>\n\t\t<\/div>\n\t<\/div>\n\t\n\t\t<\/div>\n\t\t\t\t\t<\/div>\n\n\t\n\n<style>\n#row-549343633 > .col > .col-inner {\n  padding: 40px 0px 0px 0px;\n}\n<\/style>\n<\/div>\n\t\t<\/div>\n\n\t\t\n<style>\n#section_1133100865 {\n  padding-top: 0px;\n  padding-bottom: 0px;\n  background-color: #c29ca0;\n}\n@media (min-width:550px) {\n  #section_1133100865 {\n    padding-top: 0px;\n    padding-bottom: 0px;\n  }\n}\n<\/style>\n\t<\/section>\n\t\n\n  <div class=\"banner has-hover\" id=\"banner-1955983872\">\n          <div class=\"banner-inner fill\">\n        <div class=\"banner-bg fill\" >\n                                                \n                    <\/div>\n\t\t\n        <div class=\"banner-layers container\">\n            <div class=\"fill banner-link\"><\/div>            \n   <div id=\"text-box-1200236476\" class=\"text-box banner-layer x50 md-x50 lg-x50 y5 md-y5 lg-y5 res-text\">\n                                <div class=\"text-box-content text\">\n              \n              <div class=\"text-inner text-center\">\n                  \n\t<div id=\"text-1737337581\" class=\"text\">\n\t\t\n<h4 class=\"uppercase\">Die Kollagen-Produktion nimmt im Alter ab.<\/h4>\n<p>Diese Grafik zeigt dir, wie die nat\u00fcrliche Kollagenproduktion in deinem K\u00f6rper tendenziell mit zunehmendem Alter abnimmt. Diese Ver\u00e4nderung kann die Elastizit\u00e4t und das Erscheinungsbild deiner Haut, Haare und N\u00e4gel beeinflussen.<br \/>\n\t\t\n<style>\n#text-1737337581 {\n  font-size: 0.9rem;\n  line-height: 1.5;\n  text-align: left;\n}\n<\/style>\n\t<\/div>\n\t\n\t<div class=\"img has-hover x md-x lg-x y md-y lg-y\" id=\"image_1086766984\">\n\t\t\t\t\t\t\t\t<div class=\"img-inner dark\" >\n\t\t\t<img decoding=\"async\" width=\"661\" height=\"323\" src=\"https:\/\/fitnfemale.com\/wp-content\/uploads\/kollagen-produktion2-1.png\" class=\"attachment-large size-large\" alt=\"Kollagen produktion2\" srcset=\"https:\/\/fitnfemale.com\/wp-content\/uploads\/kollagen-produktion2-1.png 661w, https:\/\/fitnfemale.com\/wp-content\/uploads\/kollagen-produktion2-1-510x249.png 510w, https:\/\/fitnfemale.com\/wp-content\/uploads\/kollagen-produktion2-1-18x9.png 18w\" sizes=\"(max-width: 661px) 100vw, 661px\" \/>\t\t\t\t\t\t\n\t\t\t\t\t<\/div>\n\t\t\t\t\t\t\t\t\n<style>\n#image_1086766984 {\n  width: 100%;\n}\n@media (min-width:550px) {\n  #image_1086766984 {\n    width: 71%;\n  }\n}\n<\/style>\n\t<\/div>\n\t\n              <\/div>\n           <\/div>\n                            \n<style>\n#text-box-1200236476 {\n  width: 89%;\n}\n#text-box-1200236476 .text-box-content {\n  font-size: 100%;\n}\n<\/style>\n    <\/div>\n \n        <\/div>\n      <\/div>\n\n            \n<style>\n#banner-1955983872 {\n  padding-top: 538px;\n  background-color: rgb(252, 237, 238);\n}\n@media (min-width:550px) {\n  #banner-1955983872 {\n    padding-top: 365px;\n  }\n}\n<\/style>\n  <\/div>\n\n\n\t<div id=\"gap-1252422148\" class=\"gap-element clearfix\" style=\"display:block; height:auto;\">\n\t\t\n<style>\n#gap-1252422148 {\n  padding-top: 35px;\n}\n<\/style>\n\t<\/div>\n\t\n<div class=\"accordion\">\n\t<div id=\"accordion-1414028428\" class=\"accordion-item\">\n\t\t<a id=\"accordion-1414028428-label\" class=\"accordion-title plain\" href=\"#accordion-item-inhaltsstoffe\" aria-expanded=\"false\" aria-controls=\"accordion-1414028428-content\">\n\t\t\t<button class=\"toggle\" aria-label=\"Toggle\"><i class=\"icon-angle-down\" aria-hidden=\"true\"><\/i><\/button>\n\t\t\t<span>Inhaltsstoffe<\/span>\n\t\t<\/a>\n\t\t<div id=\"accordion-1414028428-content\" class=\"accordion-inner\" aria-labelledby=\"accordion-1414028428-label\">\n\t\t\t\n<table class=\"ffnf-clean-table\">\n<thead>\n<tr>\n<th>Inhaltsstoffe<\/th>\n<th>100 g<\/th>\n<th>Portion (10 g)<\/th>\n<\/tr>\n<\/thead>\n<tbody>\n<tr>\n<td>Kollagenhydrolysat<\/td>\n<td>70000 mg<\/td>\n<td>7000 mg<\/td>\n<\/tr>\n<tr>\n<td>Natriumhyaluronat<\/td>\n<td>500 mg<\/td>\n<td>50 mg<\/td>\n<\/tr>\n<tr>\n<td>Gr\u00fcnkaffeebohnen-Extrakt<\/td>\n<td>250 mg<\/td>\n<td>50 mg<\/td>\n<\/tr>\n<tr>\n<td>Guarana-Extrakt<\/td>\n<td>1340 mg<\/td>\n<td>134 mg<\/td>\n<\/tr>\n<tr>\n<td>Koffein<\/td>\n<td>1466 mg<\/td>\n<td>147 mg<\/td>\n<\/tr>\n<tr>\n<td>Gesamtkoffein<\/td>\n<td>1500 mg<\/td>\n<td>150 mg<\/td>\n<\/tr>\n<tr>\n<td>Biotin (Vitamin B7)<\/td>\n<td>500000 \u00b5g<\/td>\n<td>5000 \u00b5g<\/td>\n<\/tr>\n<tr>\n<td>Cobalamin (Vitamin B12)<\/td>\n<td>10 \u00b5g<\/td>\n<td>1 \u00b5g<\/td>\n<\/tr>\n<tr>\n<td>Zink<\/td>\n<td>50 mg<\/td>\n<td>5 mg<\/td>\n<\/tr>\n<\/tbody>\n<\/table>\n\t\t<\/div>\n\t<\/div>\n\t\n\t<div id=\"accordion-4029231028\" class=\"accordion-item\">\n\t\t<a id=\"accordion-4029231028-label\" class=\"accordion-title plain\" href=\"#accordion-item-n\u00e4hrwerte\" aria-expanded=\"false\" aria-controls=\"accordion-4029231028-content\">\n\t\t\t<button class=\"toggle\" aria-label=\"Toggle\"><i class=\"icon-angle-down\" aria-hidden=\"true\"><\/i><\/button>\n\t\t\t<span>N\u00e4hrwerte<\/span>\n\t\t<\/a>\n\t\t<div id=\"accordion-4029231028-content\" class=\"accordion-inner\" aria-labelledby=\"accordion-4029231028-label\">\n\t\t\t\n<table class=\"ffnf-clean-table\">\n<thead>\n<tr>\n<th>N\u00e4hrwerte<\/th>\n<th>100 g<\/th>\n<th>Portion (10 g)<\/th>\n<\/tr>\n<\/thead>\n<tbody>\n<tr>\n<td>Energie<\/td>\n<td>1436 kJ \/ 338 kcal<\/td>\n<td>144 kJ \/ 34 kcal<\/td>\n<\/tr>\n<tr>\n<td>Fett<br \/>\u2013 davon ges\u00e4ttigte Fetts\u00e4uren<\/td>\n<td>&lt; 0,1 g<br \/>&lt; 0,1 g<\/td>\n<td>&lt; 0,1 g<br \/>&lt; 0,1 g<\/td>\n<\/tr>\n<tr>\n<td class=\"translation-block\">Kohlenhydrate<br>\u2013 davon Zucker<\/td>\n<td>9,7 g<br \/>1,2 g<\/td>\n<td>1,0 g<br \/>0,1 g<\/td>\n<\/tr>\n<tr>\n<td>Ballaststoffe<\/td>\n<td>7,4 g<\/td>\n<td>0,7 g<\/td>\n<\/tr>\n<tr>\n<td>Eiweiss<\/td>\n<td>63,7 g<\/td>\n<td>6,4 g<\/td>\n<\/tr>\n<tr>\n<td>Salz<\/td>\n<td>0,57 g<\/td>\n<td>0,06 g<\/td>\n<\/tr>\n<\/tbody>\n<\/table>\n\t\t<\/div>\n\t<\/div>\n\t\n\t<div id=\"accordion-2261094262\" class=\"accordion-item\">\n\t\t<a id=\"accordion-2261094262-label\" class=\"accordion-title plain\" href=\"#accordion-item-was-ist-kollagen?\" aria-expanded=\"false\" aria-controls=\"accordion-2261094262-content\">\n\t\t\t<button class=\"toggle\" aria-label=\"Toggle\"><i class=\"icon-angle-down\" aria-hidden=\"true\"><\/i><\/button>\n\t\t\t<span>Was ist Kollagen?<\/span>\n\t\t<\/a>\n\t\t<div id=\"accordion-2261094262-content\" class=\"accordion-inner\" aria-labelledby=\"accordion-2261094262-label\">\n\t\t\t\n<p>Collagen ist ein bedeutendes Protein, das etwa 30% der Gesamtproteinmenge im menschlichen K\u00f6rper ausmacht. Es hat eine entscheidende Rolle bei der Struktur und Festigkeit des Bindegewebes in verschiedenen Teilen des K\u00f6rpers, einschlie\u00dflich Haut, Knorpel, Gelenke, Knochen, Muskulatur und B\u00e4ndern. Es besteht aus langen Ketten von Aminos\u00e4uren, haupts\u00e4chlich Hydroxyprolin, Glycin und Prolin, und bildet Faserb\u00fcndel, die das Gewebe st\u00fctzen und es straff halten.<\/p>\n\t\t<\/div>\n\t<\/div>\n\t\n\t<div id=\"accordion-4236341534\" class=\"accordion-item\">\n\t\t<a id=\"accordion-4236341534-label\" class=\"accordion-title plain\" href=\"#accordion-item-wieso-kein-marine-kollagen?\" aria-expanded=\"false\" aria-controls=\"accordion-4236341534-content\">\n\t\t\t<button class=\"toggle\" aria-label=\"Toggle\"><i class=\"icon-angle-down\" aria-hidden=\"true\"><\/i><\/button>\n\t\t\t<span>Wieso kein Marine-Kollagen?<\/span>\n\t\t<\/a>\n\t\t<div id=\"accordion-4236341534-content\" class=\"accordion-inner\" aria-labelledby=\"accordion-4236341534-label\">\n\t\t\t\n<p>Ein weit verbreiteter Irrglaube: Marine-Kollagen sei besser \u2013 oder sogar vegan.<br \/>Fakt ist: Marine-Kollagen wird aus Fischhaut, -schuppen oder -gr\u00e4ten gewonnen. Es ist also <strong>nicht vegan<\/strong> \u2013 sondern tierischen Ursprungs, genau wie unser Kollagen aus Rind.<\/p>\n<p>Was viele nicht wissen: Die Idee, dass \u201eFisch besser sei\u201c, <strong>basiert auf Marketing \u2013 nicht auf Wirkung.<\/strong><\/p>\n<p>Entscheidend sind Reinheit, Peptidform &amp; Bioverf\u00fcgbarkeit \u2013 und die liefern wir mit unserem hochwertigen Rinderkollagen zuverl\u00e4ssig.<\/p>\n<p>Ein weiterer Vorteil: Wir verzichten bewusst auf marine Quellen \u2013 weil viele Fischbest\u00e4nde \u00fcberfischt sind. <strong>Unser Kollagen stammt aus verantwortungsvoll gewonnener Rinderquelle \u2013 nachhaltiger, kraftvoll &amp; ohne Meeresbelastung.<\/strong><\/p>\n\t\t<\/div>\n\t<\/div>\n\t\n\t<div id=\"accordion-2807514201\" class=\"accordion-item\">\n\t\t<a id=\"accordion-2807514201-label\" class=\"accordion-title plain\" href=\"#accordion-item-wieso-kein-veganes-kollagen?\" aria-expanded=\"false\" aria-controls=\"accordion-2807514201-content\">\n\t\t\t<button class=\"toggle\" aria-label=\"Toggle\"><i class=\"icon-angle-down\" aria-hidden=\"true\"><\/i><\/button>\n\t\t\t<span>Wieso kein veganes Kollagen?<\/span>\n\t\t<\/a>\n\t\t<div id=\"accordion-2807514201-content\" class=\"accordion-inner\" aria-labelledby=\"accordion-2807514201-label\">\n\t\t\t\n<p>Ein weit verbreiteter Irrglaube, dass Collagen aus veganen Rohstoffen hergestellt werden kann. Es gibt kein veganes Collagen. Wir verwenden Typ-1- und Typ-3-Kollagen.<\/p>\n\t\t<\/div>\n\t<\/div>\n\t\n\t<div id=\"accordion-1967525907\" class=\"accordion-item\">\n\t\t<a id=\"accordion-1967525907-label\" class=\"accordion-title plain\" href=\"#accordion-item-was-ist-kollagen-hydrolysat?\" aria-expanded=\"false\" aria-controls=\"accordion-1967525907-content\">\n\t\t\t<button class=\"toggle\" aria-label=\"Toggle\"><i class=\"icon-angle-down\" aria-hidden=\"true\"><\/i><\/button>\n\t\t\t<span>Was ist Kollagen-Hydrolysat?<\/span>\n\t\t<\/a>\n\t\t<div id=\"accordion-1967525907-content\" class=\"accordion-inner\" aria-labelledby=\"accordion-1967525907-label\">\n\t\t\t\n<p>Kollagen-Hydrolysat ist eine spezielle Darreichungsform des Proteins. Durch spezielle enzymatische Prozesse wird das Strukturprotein wasserl\u00f6slich gemacht, sodass es dein K\u00f6rper ideal aufnehmen und effizient in seine Kollagenstruktur einbauen kann. Durch seine hohe Qualit\u00e4t punktet das Hydrolysat aber nicht nur mit einer hohen Bioverf\u00fcgbarkeit, sondern ist dar\u00fcber hinaus sehr gut vertr\u00e4glich.<\/p>\n\t\t<\/div>\n\t<\/div>\n\t\n\t<div id=\"accordion-790053904\" class=\"accordion-item\">\n\t\t<a id=\"accordion-790053904-label\" class=\"accordion-title plain\" href=\"#accordion-item-collagen-energy-f\u00fcr-sport-oder-f\u00fcr-den-alltag?\" aria-expanded=\"false\" aria-controls=\"accordion-790053904-content\">\n\t\t\t<button class=\"toggle\" aria-label=\"Toggle\"><i class=\"icon-angle-down\" aria-hidden=\"true\"><\/i><\/button>\n\t\t\t<span>Collagen-Energy f\u00fcr Sport oder f\u00fcr den Alltag?<\/span>\n\t\t<\/a>\n\t\t<div id=\"accordion-790053904-content\" class=\"accordion-inner\" aria-labelledby=\"accordion-790053904-label\">\n\t\t\t\n<p>Collagen Energy Getr\u00e4nk eignet sich sowohl f\u00fcr Sportler als auch f\u00fcr den Alltag.<\/p>\n<p>Der enthaltene Kollagen unterst\u00fctzt das Bindegewebe, die Haut, die Haare, die Gelenke und die Knochen, was besonders f\u00fcr Sportler von Vorteil ist, die eine starke Belastung auf diese Bereiche aus\u00fcben. Dar\u00fcber hinaus enth\u00e4lt unser Getr\u00e4nk 150mg Koffein pro Portion, was es perfekt f\u00fcr Sportler macht, die einen zus\u00e4tzlichen Energie- und Leistungsboost suchen.<\/p>\n<p>F\u00fcr den Alltag bietet unser Getr\u00e4nk eine belebende Wirkung und unterst\u00fctzt die Gesundheit von Haut, Haaren und N\u00e4geln, die mit zunehmendem Alter abnehmen, es hilft auch bei der Energiezufuhr und hat einen sommerlich erfrischenden und nat\u00fcrlichen Geschmack.<\/p>\n\t\t<\/div>\n\t<\/div>\n\t\n\t<div id=\"accordion-431757399\" class=\"accordion-item\">\n\t\t<a id=\"accordion-431757399-label\" class=\"accordion-title plain\" href=\"#accordion-item-welcher-collagen-typ-ist-enthalten?\" aria-expanded=\"false\" aria-controls=\"accordion-431757399-content\">\n\t\t\t<button class=\"toggle\" aria-label=\"Toggle\"><i class=\"icon-angle-down\" aria-hidden=\"true\"><\/i><\/button>\n\t\t\t<span>Welcher Collagen-Typ ist enthalten?<\/span>\n\t\t<\/a>\n\t\t<div id=\"accordion-431757399-content\" class=\"accordion-inner\" aria-labelledby=\"accordion-431757399-label\">\n\t\t\t\n<p>Collagen Energy enth\u00e4lt die 2 beliebtesten Collagen-Arten Typ-1 und Typ-3.<\/p>\n<p>Kollagen Typ 1 ist das am h\u00e4ufigsten vorkommende Kollagen im K\u00f6rper und kommt haupts\u00e4chlich in der Haut, in Sehnen, in B\u00e4ndern und in den Knochen vor. Es gibt der Haut Spannkraft und Elastizit\u00e4t, und hilft auch dabei, Verletzungen der Sehnen und B\u00e4nder zu reparieren.<\/p>\n<p>Kollagen Typ 3, auch bekannt als retikul\u00e4res Kollagen, ist haupts\u00e4chlich in den Muskeln, in den Blutgef\u00e4\u00dfen und in den Organen zu finden.<\/p>\n\t\t<\/div>\n\t<\/div>\n\t\n<\/div>","protected":false},"excerpt":{"rendered":"<h2 class=\"translation-block\">Glow up &amp; Show up \u2013 mit jedem Schluck.<\/h2>\n<h4 class=\"translation-block\"><strong>Der funktionelle Beauty-Drink f\u00fcr Fokus, Ausstrahlung &amp; Energie.<\/strong> Collagen Energy vereint hydrolysiertes Collagen, Pflanzenextrakte und nat\u00fcrliche Koffeinquellen \u2013 speziell abgestimmt auf die Bed\u00fcrfnisse aktiver Frauen. F\u00fcr einen frischen Start, mehr Drive im Alltag und eine Ausstrahlung, die von innen kommt.*<\/h4>","protected":false},"featured_media":943263,"comment_status":"open","ping_status":"closed","template":"","meta":{"slim_seo":{"title":"Collagen Energy - FitNFemale\u00ae","description":"Glow up &amp; Show up \u2013 mit jedem Schluck. Der funktionelle Beauty-Drink f\u00fcr Fokus, Ausstrahlung &amp; Energie. Collagen Energy vereint hydrolysiertes Collagen,"}},"product_brand":[],"product_cat":[6508,6629,401,6671],"product_tag":[6487,6486,6489],"class_list":{"0":"post-660258","1":"product","2":"type-product","3":"status-publish","4":"has-post-thumbnail","6":"product_cat-promo-25","7":"product_cat-basic","8":"product_cat-health","9":"product_cat-topdeals","10":"product_tag-beauty","11":"product_tag-collagen","12":"product_tag-skin","13":"pa_anwendungsbereiche-bindegewebe","14":"pa_anwendungsbereiche-energy","15":"pa_anwendungsbereiche-for-your-workout","16":"pa_anwendungsbereiche-gelenke-und-knochen","17":"pa_anwendungsbereiche-skin-hair-nails","18":"pa_anwendungsbereiche-immune-system","19":"pa_marke-fitnfemale","20":"pa_misc-aspartamfree","21":"pa_misc-glutenfree","22":"pa_misc-lactosefree","23":"pa_nutritionfactinfo-nofat","24":"pa_nutritionfactinfo-nocarbs","25":"pa_nutritionfactinfo-nosugar","26":"pa_schwangerschaft-nicht-geeignet","27":"pa_stillzeit-nicht-geeignet","28":"pa_vegan-nein","30":"first","31":"instock","32":"taxable","33":"shipping-taxable","34":"purchasable","35":"product-type-variable","36":"has-default-attributes"},"bundled_by":["663238","627268","738344","786592","738226","5033","956371"],"bundle_stock_status":"instock","bundle_stock_quantity":null,"bundle_virtual":false,"bundle_layout":"","bundle_add_to_cart_form_location":"","bundle_editable_in_cart":false,"bundle_sold_individually_context":"","bundle_item_grouping":"","bundle_min_size":"","bundle_max_size":"","bundle_price":[],"bundled_items":[],"bundle_sell_ids":[],"gallery_images":[953137,934353,953319,950470,953001,953477,953479,953478,953317,739094],"_links":{"self":[{"href":"https:\/\/fitnfemale.com\/deu\/wp-json\/wp\/v2\/product\/660258","targetHints":{"allow":["GET"]}}],"collection":[{"href":"https:\/\/fitnfemale.com\/deu\/wp-json\/wp\/v2\/product"}],"about":[{"href":"https:\/\/fitnfemale.com\/deu\/wp-json\/wp\/v2\/types\/product"}],"replies":[{"embeddable":true,"href":"https:\/\/fitnfemale.com\/deu\/wp-json\/wp\/v2\/comments?post=660258"}],"wp:featuredmedia":[{"embeddable":true,"href":"https:\/\/fitnfemale.com\/deu\/wp-json\/wp\/v2\/media\/943263"}],"wp:attachment":[{"href":"https:\/\/fitnfemale.com\/deu\/wp-json\/wp\/v2\/media?parent=660258"}],"wp:term":[{"taxonomy":"product_brand","embeddable":true,"href":"https:\/\/fitnfemale.com\/deu\/wp-json\/wp\/v2\/product_brand?post=660258"},{"taxonomy":"product_cat","embeddable":true,"href":"https:\/\/fitnfemale.com\/deu\/wp-json\/wp\/v2\/product_cat?post=660258"},{"taxonomy":"product_tag","embeddable":true,"href":"https:\/\/fitnfemale.com\/deu\/wp-json\/wp\/v2\/product_tag?post=660258"}],"curies":[{"name":"wp","href":"https:\/\/api.w.org\/{rel}","templated":true}]}}