{"id":4994,"date":"2017-10-02T19:10:35","date_gmt":"2017-10-02T18:10:35","guid":{"rendered":"http:\/\/blog.fitnfemale.de\/shop\/omega-3\/"},"modified":"2026-04-12T18:01:46","modified_gmt":"2026-04-12T17:01:46","slug":"omega-3","status":"publish","type":"product","link":"https:\/\/fitnfemale.com\/deu\/produkt\/omega-3\/","title":{"rendered":"Omega 3"},"content":{"rendered":"<div class=\"img has-hover img-details x md-x lg-x y md-y lg-y\" id=\"image_137658452\">\n\t\t\t\t\t\t\t\t<div class=\"img-inner dark\" >\n\t\t\t<img decoding=\"async\" width=\"1020\" height=\"569\" src=\"https:\/\/fitnfemale.com\/wp-content\/uploads\/omega3-closeup7.webp\" class=\"attachment-large size-large\" alt=\"Omega3 closeup7\" srcset=\"https:\/\/fitnfemale.com\/wp-content\/uploads\/omega3-closeup7.webp 1376w, https:\/\/fitnfemale.com\/wp-content\/uploads\/omega3-closeup7-717x400.webp 717w, https:\/\/fitnfemale.com\/wp-content\/uploads\/omega3-closeup7-768x429.webp 768w, https:\/\/fitnfemale.com\/wp-content\/uploads\/omega3-closeup7-18x10.webp 18w, https:\/\/fitnfemale.com\/wp-content\/uploads\/omega3-closeup7-1000x558.webp 1000w\" sizes=\"(max-width: 1020px) 100vw, 1020px\" \/>\t\t\t\t\t\t\n\t\t\t\t\t<\/div>\n\t\t\t\t\t\t\t\t\n<style>\n#image_137658452 {\n  width: 100%;\n}\n<\/style>\n\t<\/div>\n\t\n<h4>Omega-3-Fetts\u00e4uren \u2013 Hochwertige Unterst\u00fctzung f\u00fcr Herz und Gehirn<\/h4>\n<p>Unsere Omega-3 Kapseln enthalten reines Fisch\u00f6l, reich an EPA und DHA, die essenziellen Omega-3-Fetts\u00e4uren. Diese tragen nachweislich zu einer gesunden Funktion von Herz und Gehirn bei:<\/p>\n<ul>\n<li class=\"bullet-star\">Herzgesundheit: EPA und DHA tragen zu einer normalen Herzfunktion bei. Dieser positive Effekt stellt sich bei einer t\u00e4glichen Aufnahme von mindestens 250 mg EPA und DHA ein.<\/li>\n<li class=\"bullet-star\">Gehirnfunktion: DHA tr\u00e4gt zur Erhaltung einer normalen Gehirnfunktion bei, wenn t\u00e4glich mindestens 250 mg DHA aufgenommen werden.<\/li>\n<li class=\"bullet-star\">Sehkraft: DHA unterst\u00fctzt zudem die Erhaltung einer normalen Sehkraft.<\/li>\n<\/ul>\n<p>Unsere Omega 3 Kapseln enthalten nur hochwertige Inhaltsstoffe und bestehen aus Fisch\u00f6l, Kapselh\u00fclle (Wasser, Gelatine (Rind), Glycerin), Sonnenblumen\u00f6l und D-Alpha-Tocopherol. Keine unerw\u00fcnschten Zus\u00e4tze.<\/p>\n\n\t<section class=\"section\" id=\"section_1346138281\">\n\t\t<div class=\"section-bg fill\" >\n\t\t\t<img decoding=\"async\" width=\"650\" height=\"400\" src=\"https:\/\/fitnfemale.com\/wp-content\/uploads\/omega-3.jpg\" class=\"bg attachment- size-\" alt=\"Omega\" \/>\t\t\t\t\t\t<div class=\"section-bg-overlay absolute fill\"><\/div>\n\t\t\t\n\n\t\t<\/div>\n\n\t\t\n\n\t\t<div class=\"section-content relative\">\n\t\t\t\n<div class=\"row row-collapse row-full-width align-middle\"  id=\"row-1653311398\">\n\n\t<div id=\"col-1134590902\" class=\"col medium-6 small-12 large-6\"  >\n\t\t\t\t<div class=\"col-inner text-center\"  >\n\t\t\t\n\t\t\t\n<h4 style=\"text-align: left;\"><span style=\"color: #000000;\">Frei von unerw\u00fcnschten Zus\u00e4tzen wie:<\/span><\/h4>\n<ul>\n<li style=\"text-align: left;\"><span style=\"color: #000000;\">k\u00fcnstlichen Aromen<\/span><\/li>\n<li style=\"text-align: left;\"><span style=\"color: #000000;\">k\u00fcnstlichen Farbstoffen<\/span><\/li>\n<li style=\"text-align: left;\"><span style=\"color: #000000;\">Magnesiumstearat<\/span><\/li>\n<li style=\"text-align: left;\"><span style=\"color: #000000;\">Zucker<\/span><\/li>\n<li style=\"text-align: left;\"><span style=\"color: #000000;\">Laktose<\/span><\/li>\n<li style=\"text-align: left;\"><span style=\"color: #000000;\">Gluten<\/span><\/li>\n<li style=\"text-align: left;\"><span style=\"color: #000000;\">Konservierungsstoffen<\/span><\/li>\n<\/ul>\n\t\t<\/div>\n\t\t\t\t\n<style>\n#col-1134590902 > .col-inner {\n  padding: 10% 10% 10% 10%;\n  max-width: 520px;\n}\n<\/style>\n\t<\/div>\n\n\t\n\n\t<div id=\"col-1963398309\" class=\"col medium-6 small-12 large-6\"  >\n\t\t\t\t<div class=\"col-inner\"  >\n\t\t\t\n\t\t\t\n\t<div class=\"img has-hover x md-x lg-x y md-y lg-y\" id=\"image_1786623600\">\n\t\t\t\t\t\t\t\t<div class=\"img-inner dark\" >\n\t\t\t<img decoding=\"async\" width=\"800\" height=\"800\" src=\"https:\/\/fitnfemale.com\/wp-content\/uploads\/omega-3-kapseln-grafik-800x800.png\" class=\"attachment-large size-large\" alt=\"Omega 3 kapseln grafik\" srcset=\"https:\/\/fitnfemale.com\/wp-content\/uploads\/omega-3-kapseln-grafik-800x800.png 800w, https:\/\/fitnfemale.com\/wp-content\/uploads\/omega-3-kapseln-grafik-200x200.png 200w, https:\/\/fitnfemale.com\/wp-content\/uploads\/omega-3-kapseln-grafik-1000x1000.png 1000w, https:\/\/fitnfemale.com\/wp-content\/uploads\/omega-3-kapseln-grafik-400x400.png 400w, https:\/\/fitnfemale.com\/wp-content\/uploads\/omega-3-kapseln-grafik-280x280.png 280w, https:\/\/fitnfemale.com\/wp-content\/uploads\/omega-3-kapseln-grafik-768x768.png 768w, https:\/\/fitnfemale.com\/wp-content\/uploads\/omega-3-kapseln-grafik-1536x1536.png 1536w, https:\/\/fitnfemale.com\/wp-content\/uploads\/omega-3-kapseln-grafik-12x12.png 12w, https:\/\/fitnfemale.com\/wp-content\/uploads\/omega-3-kapseln-grafik.png 2000w\" sizes=\"(max-width: 800px) 100vw, 800px\" \/>\t\t\t\t\t\t\n\t\t\t\t\t<\/div>\n\t\t\t\t\t\t\t\t\n<style>\n#image_1786623600 {\n  width: 100%;\n}\n<\/style>\n\t<\/div>\n\t\n\t\t<\/div>\n\t\t\t\t\t<\/div>\n\n\t\n\n<style>\n#row-1653311398 > .col > .col-inner {\n  padding: 10px 10px 10px 10px;\n}\n<\/style>\n<\/div>\n\t\t<\/div>\n\n\t\t\n<style>\n#section_1346138281 {\n  padding-top: 0px;\n  padding-bottom: 0px;\n  margin-bottom: 0px;\n  background-color: rgb(249, 231, 240);\n}\n#section_1346138281 .section-bg-overlay {\n  background-color: rgba(249, 231, 240, 0.465);\n}\n#section_1346138281 .section-bg img {\n  object-position: 16% 54%;\n}\n<\/style>\n\t<\/section>\n\t\n\t<div id=\"gap-1585693006\" class=\"gap-element clearfix\" style=\"display:block; height:auto;\">\n\t\t\n<style>\n#gap-1585693006 {\n  padding-top: 30px;\n}\n<\/style>\n\t<\/div>\n\t\n<table class=\"ffnf-clean-table\">\n<thead>\n<tr>\n<th>Inhaltsstoffe<\/th>\n<th>Portion (2 Kapseln)<\/th>\n<\/tr>\n<\/thead>\n<tbody>\n<tr>\n<td>Fisch\u00f6l<br \/>\u2013 davon EPA<br \/>\u2013 davon DHA<\/td>\n<td>2000 mg<br \/>360 mg<br \/>240 mg<\/td>\n<\/tr>\n<\/tbody>\n<\/table>","protected":false},"excerpt":{"rendered":"<h2>Keine Kompromisse, wenn es um reines und hochwertiges Omega 3 geht.<\/h2>\n<h4>Unsere Omega-3-Fetts\u00e4uren aus Fisch\u00f6l bieten eine hervorragende Quelle f\u00fcr EPA, DHA und DPA und unterst\u00fctzen so eine ausgewogene Ern\u00e4hrung.<\/h4>\n<ul>\n<li class=\"bullet-star\">Hochdosiert, mit nur 1 Kapsel pro Tag.<\/li>\n<li class=\"bullet-star\">Optimal zusammengesetzt aus EPA, DHA und DPA.<\/li>\n<li class=\"bullet-star\">Jede Softgel-Kapsel enth\u00e4lt 1000mg reiner Omega-3-Fetts\u00e4uren.<\/li>\n<li class=\"bullet-star\">Mit nat\u00fcrlichem Vitamin E.<\/li>\n<li class=\"bullet-star\">Ein Vorrat von 3 Monaten mit 90 Kapseln.<\/li>\n<\/ul>","protected":false},"featured_media":943447,"comment_status":"open","ping_status":"closed","template":"","meta":{"slim_seo":{"title":"Omega 3 - FitNFemale\u00ae","description":"Keine Kompromisse, wenn es um reines und hochwertiges Omega 3 geht. Unsere Omega-3-Fetts\u00e4uren aus Fisch\u00f6l bieten eine hervorragende Quelle f\u00fcr EPA, DHA und DPA"}},"product_brand":[],"product_cat":[317,6629,401,6671],"product_tag":[],"class_list":{"0":"post-4994","1":"product","2":"type-product","3":"status-publish","4":"has-post-thumbnail","6":"product_cat-abnehmen","7":"product_cat-basic","8":"product_cat-health","9":"product_cat-topdeals","10":"pa_anwendungsbereiche-muskelversorgung","11":"pa_anwendungsbereiche-metabolism","12":"pa_marke-fitnfemale","13":"pa_misc-aspartamfree","14":"pa_misc-glutenfree","15":"pa_misc-lactosefree","16":"pa_schwangerschaft-geeignet","17":"pa_stillzeit-geeignet","18":"pa_vegan-nein","20":"first","21":"instock","22":"taxable","23":"shipping-taxable","24":"purchasable","25":"product-type-simple"},"bundled_by":["7981","7984","348815","545696","626256","627259","58627","943204","943204","738226","956599","957225","43049"],"bundle_stock_status":"instock","bundle_stock_quantity":250,"bundle_virtual":false,"bundle_layout":"","bundle_add_to_cart_form_location":"","bundle_editable_in_cart":false,"bundle_sold_individually_context":"","bundle_item_grouping":"","bundle_min_size":"","bundle_max_size":"","bundle_price":[],"bundled_items":[],"bundle_sell_ids":[],"gallery_images":[938480,953884,943826,938478,953885,953883,953886],"_links":{"self":[{"href":"https:\/\/fitnfemale.com\/deu\/wp-json\/wp\/v2\/product\/4994","targetHints":{"allow":["GET"]}}],"collection":[{"href":"https:\/\/fitnfemale.com\/deu\/wp-json\/wp\/v2\/product"}],"about":[{"href":"https:\/\/fitnfemale.com\/deu\/wp-json\/wp\/v2\/types\/product"}],"replies":[{"embeddable":true,"href":"https:\/\/fitnfemale.com\/deu\/wp-json\/wp\/v2\/comments?post=4994"}],"wp:featuredmedia":[{"embeddable":true,"href":"https:\/\/fitnfemale.com\/deu\/wp-json\/wp\/v2\/media\/943447"}],"wp:attachment":[{"href":"https:\/\/fitnfemale.com\/deu\/wp-json\/wp\/v2\/media?parent=4994"}],"wp:term":[{"taxonomy":"product_brand","embeddable":true,"href":"https:\/\/fitnfemale.com\/deu\/wp-json\/wp\/v2\/product_brand?post=4994"},{"taxonomy":"product_cat","embeddable":true,"href":"https:\/\/fitnfemale.com\/deu\/wp-json\/wp\/v2\/product_cat?post=4994"},{"taxonomy":"product_tag","embeddable":true,"href":"https:\/\/fitnfemale.com\/deu\/wp-json\/wp\/v2\/product_tag?post=4994"}],"curies":[{"name":"wp","href":"https:\/\/api.w.org\/{rel}","templated":true}]}}