{"id":336558,"date":"2019-09-24T20:02:30","date_gmt":"2019-09-24T19:02:30","guid":{"rendered":"https:\/\/fitnfemale.com\/?post_type=product&#038;p=336558"},"modified":"2026-04-12T18:11:29","modified_gmt":"2026-04-12T17:11:29","slug":"womens-biotics-probiotika","status":"publish","type":"product","link":"https:\/\/fitnfemale.com\/deu\/produkt\/womens-biotics-probiotika\/","title":{"rendered":"Women&#8217;s Biotics"},"content":{"rendered":"<div class=\"img has-hover img-details x md-x lg-x y md-y lg-y\" id=\"image_521575315\">\n\t\t\t\t\t\t\t\t<div class=\"img-inner dark\" >\n\t\t\t<img decoding=\"async\" width=\"1020\" height=\"569\" src=\"https:\/\/fitnfemale.com\/wp-content\/uploads\/womensbiotics-closeup6.webp\" class=\"attachment-large size-large\" alt=\"Womensbiotics closeup6\" srcset=\"https:\/\/fitnfemale.com\/wp-content\/uploads\/womensbiotics-closeup6.webp 1376w, https:\/\/fitnfemale.com\/wp-content\/uploads\/womensbiotics-closeup6-717x400.webp 717w, https:\/\/fitnfemale.com\/wp-content\/uploads\/womensbiotics-closeup6-768x429.webp 768w, https:\/\/fitnfemale.com\/wp-content\/uploads\/womensbiotics-closeup6-18x10.webp 18w, https:\/\/fitnfemale.com\/wp-content\/uploads\/womensbiotics-closeup6-1000x558.webp 1000w\" sizes=\"(max-width: 1020px) 100vw, 1020px\" \/>\t\t\t\t\t\t\n\t\t\t\t\t<\/div>\n\t\t\t\t\t\t\t\t\n<style>\n#image_521575315 {\n  width: 100%;\n}\n<\/style>\n\t<\/div>\n\t\n<ul>\n<li class=\"bullet-star\">Speziell formuliert f\u00fcr Frauen: Optimiert, um den besonderen Ern\u00e4hrungsbed\u00fcrfnissen von Frauen gerecht zu werden.<\/li>\n<li class=\"bullet-star\">Einzigartige Zusammensetzung: Eine sorgf\u00e4ltig ausgew\u00e4hlte Kombination von Inhaltsstoffen f\u00fcr optimale Wirkung.<\/li>\n<li class=\"bullet-star\">Topseller: Bew\u00e4hrt und beliebt bei vielen zufriedenen Kunden.<\/li>\n<li class=\"bullet-star\">Beste L\u00f6slichkeit mit Wasser: Einfach zu mischen und angenehm im Geschmack.<\/li>\n<li class=\"bullet-star\">Die stressfreie und leckere L\u00f6sung: Ein k\u00f6stlicher Weg, dein Wohlbefinden zu unterst\u00fctzen.<\/li>\n<\/ul>\n\t<div id=\"gap-1416378998\" class=\"gap-element clearfix show-for-medium\" style=\"display:block; height:auto;\">\n\t\t\n<style>\n#gap-1416378998 {\n  padding-top: 30px;\n}\n<\/style>\n\t<\/div>\n\t\n<p>Probiotika tragen zur Aufrechterhaltung einer gesunden Darmflora bei. Eine gesunde Darmflora unterst\u00fctzt das allgemeine Wohlbefinden und kann zur Unterst\u00fctzung einer normalen Verdauung beitragen.<\/p>\n\n\t<section class=\"section\" id=\"section_35857054\">\n\t\t<div class=\"section-bg fill\" >\n\t\t\t\t\t\t\t\t\t\n\t\t\t\n\n\t\t<\/div>\n\n\t\t\n\n\t\t<div class=\"section-content relative\">\n\t\t\t\n<div class=\"row\"  id=\"row-48463524\">\n\n\t<div id=\"col-49521250\" class=\"col medium-5 small-12 large-5\"  >\n\t\t\t\t<div class=\"col-inner\"  >\n\t\t\t\n\t\t\t\n<h3 class=\"uppercase\">Vorteile einer gesunden Darmflora<\/h3>\n<ul>\n<li class=\"bullet-arrow\">Unterst\u00fctzte Verdauung<\/li>\n<li class=\"bullet-arrow\">Weniger Bl\u00e4hungen<\/li>\n<li class=\"bullet-arrow\">Unterst\u00fctzung bei der Gewichtskontrolle<\/li>\n<li class=\"bullet-arrow\">Allgemeines Wohlbefinden<\/li>\n<li class=\"bullet-arrow\">Reduzierte Heisshungerattacken<\/li>\n<li class=\"bullet-arrow\">Unterst\u00fctzte Hautgesundheit<\/li>\n<\/ul>\n\t\t<\/div>\n\t\t\t\t\n<style>\n#col-49521250 > .col-inner {\n  padding: 0 0px 0px 0px;\n  margin: 0 0px 0px 0px;\n}\n<\/style>\n\t<\/div>\n\n\t\n\n\t<div id=\"col-1489392727\" class=\"col medium-7 small-12 large-7\"  >\n\t\t\t\t<div class=\"col-inner\"  >\n\t\t\t\n\t\t\t\n\n  <div class=\"banner has-hover has-video\" id=\"banner-817096467\">\n          <div class=\"banner-inner fill\">\n        <div class=\"banner-bg fill\" >\n                        \t<div class=\"video-overlay no-click fill visible\"><\/div>\n\t<video class=\"video-bg fill visible\" preload playsinline autoplay muted loop>\n\t\t<source src=\"https:\/\/fitnfemale.com\/wp-content\/uploads\/BioticGif.mp4\" type=\"video\/mp4\">\t<\/video>\n                        \n                    <\/div>\n\t\t\n        <div class=\"banner-layers container\">\n            <div class=\"fill banner-link\"><\/div>            \n        <\/div>\n      <\/div>\n\n            \n<style>\n#banner-817096467 {\n  padding-top: 99.99%;\n}\n@media (min-width:550px) {\n  #banner-817096467 {\n    padding-top: 500px;\n  }\n}\n<\/style>\n  <\/div>\n\n\n\t<div id=\"gap-1839622367\" class=\"gap-element clearfix\" style=\"display:block; height:auto;\">\n\t\t\n<style>\n#gap-1839622367 {\n  padding-top: 30px;\n}\n<\/style>\n\t<\/div>\n\t\n\t\t<\/div>\n\t\t\t\t\n<style>\n#col-1489392727 > .col-inner {\n  padding: 0 0px 0px 0px;\n  margin: 0 0px 0px 0px;\n  border-radius: 10px;\n}\n<\/style>\n\t<\/div>\n\n\t\n\n<style>\n#row-48463524 > .col > .col-inner {\n  padding: 50px 0px 0px 0px;\n}\n<\/style>\n<\/div>\n\t\t<\/div>\n\n\t\t\n<style>\n#section_35857054 {\n  padding-top: 10px;\n  padding-bottom: 10px;\n  background-color: rgb(252, 237, 238);\n}\n<\/style>\n\t<\/section>\n\t\n<div class=\"accordion\">\n\t<div id=\"accordion-599339596\" class=\"accordion-item\">\n\t\t<a id=\"accordion-599339596-label\" class=\"accordion-title plain\" href=\"#accordion-item-inhaltsstoffe\" aria-expanded=\"false\" aria-controls=\"accordion-599339596-content\">\n\t\t\t<button class=\"toggle\" aria-label=\"Toggle\"><i class=\"icon-angle-down\" aria-hidden=\"true\"><\/i><\/button>\n\t\t\t<span>Inhaltsstoffe<\/span>\n\t\t<\/a>\n\t\t<div id=\"accordion-599339596-content\" class=\"accordion-inner\" aria-labelledby=\"accordion-599339596-label\">\n\t\t\t\n<table class=\"ffnf-clean-table\">\n<thead>\n<tr>\n<th>Inhaltsstoffe<\/th>\n<th>Portion (10 g)<\/th>\n<\/tr>\n<\/thead>\n<tbody>\n<tr>\n<td>Probiotika-Kulturen<\/td>\n<td>10 Mrd. CFU<\/td>\n<\/tr>\n<tr>\n<td>Inulin<\/td>\n<td>7,4 g<\/td>\n<\/tr>\n<tr>\n<td>L-Glutamin<\/td>\n<td>1,0 g<\/td>\n<\/tr>\n<tr>\n<td>Molybd\u00e4n<\/td>\n<td>50,2 \u00b5g<\/td>\n<\/tr>\n<tr>\n<td>Sonnenblumenlecithin<\/td>\n<td>1,0 g<\/td>\n<\/tr>\n<tr>\n<td>Laktase (7&#8217;500 FCC-U)<\/td>\n<td>0,3 g<\/td>\n<\/tr>\n<\/tbody>\n<\/table>\n\t\t<\/div>\n\t<\/div>\n\t\n\t<div id=\"accordion-1042554294\" class=\"accordion-item\">\n\t\t<a id=\"accordion-1042554294-label\" class=\"accordion-title plain\" href=\"#accordion-item-n\u00e4hrwerte\" aria-expanded=\"false\" aria-controls=\"accordion-1042554294-content\">\n\t\t\t<button class=\"toggle\" aria-label=\"Toggle\"><i class=\"icon-angle-down\" aria-hidden=\"true\"><\/i><\/button>\n\t\t\t<span>N\u00e4hrwerte<\/span>\n\t\t<\/a>\n\t\t<div id=\"accordion-1042554294-content\" class=\"accordion-inner\" aria-labelledby=\"accordion-1042554294-label\">\n\t\t\t\n<table class=\"ffnf-clean-table\">\n<thead>\n<tr>\n<th>N\u00e4hrwerte<\/th>\n<th>Portion (10 g)<\/th>\n<\/tr>\n<\/thead>\n<tbody>\n<tr>\n<td>Energie<\/td>\n<td>124 kJ \/ 30 kcal<\/td>\n<\/tr>\n<tr>\n<td>Fett<br \/>\u2013 davon ges\u00e4ttigte Fetts\u00e4uren<\/td>\n<td>0,9 g<br \/>&lt; 0,1 g<\/td>\n<\/tr>\n<tr>\n<td class=\"translation-block\">Kohlenhydrate<br>\u2013 davon Zucker<\/td>\n<td>1,0 g<br \/>0,7 g<\/td>\n<\/tr>\n<tr>\n<td>Ballaststoffe<\/td>\n<td>6,5 g<\/td>\n<\/tr>\n<tr>\n<td>Eiwei\u00df<\/td>\n<td>1,2 g<\/td>\n<\/tr>\n<tr>\n<td>Salz<\/td>\n<td>&lt; 0,1 g<\/td>\n<\/tr>\n<\/tbody>\n<\/table>\n\t\t<\/div>\n\t<\/div>\n\t\n\t<div id=\"accordion-3784414806\" class=\"accordion-item\">\n\t\t<a id=\"accordion-3784414806-label\" class=\"accordion-title plain\" href=\"#accordion-item-probiotika-kulturen\" aria-expanded=\"false\" aria-controls=\"accordion-3784414806-content\">\n\t\t\t<button class=\"toggle\" aria-label=\"Toggle\"><i class=\"icon-angle-down\" aria-hidden=\"true\"><\/i><\/button>\n\t\t\t<span>Probiotika-Kulturen<\/span>\n\t\t<\/a>\n\t\t<div id=\"accordion-3784414806-content\" class=\"accordion-inner\" aria-labelledby=\"accordion-3784414806-label\">\n\t\t\t\n<table class=\"ffnf-clean-table\">\n<thead>\n<tr>\n<th>Probiotika-Kulturen<\/th>\n<th>Portion (10 g)<\/th>\n<\/tr>\n<\/thead>\n<tbody>\n<tr>\n<td>Lactobacillus acidophilus<\/td>\n<td>2,3 Mrd. CFU<\/td>\n<\/tr>\n<tr>\n<td>Bifidobacterium longum<\/td>\n<td>2,3 Mrd. CFU<\/td>\n<\/tr>\n<tr>\n<td>Lactobacillus casei<\/td>\n<td>2,3 Mrd. CFU<\/td>\n<\/tr>\n<tr>\n<td>Bifidobacterium lactis<\/td>\n<td>0,8 Mrd. CFU<\/td>\n<\/tr>\n<tr>\n<td>Bifidobacterium breve<\/td>\n<td>0,8 Mrd. CFU<\/td>\n<\/tr>\n<tr>\n<td>Lactococcus lactis susp. lactis<\/td>\n<td>0,8 Mrd. CFU<\/td>\n<\/tr>\n<tr>\n<td>Bifidobacterium bifidum<\/td>\n<td>0,8 Mrd. CFU<\/td>\n<\/tr>\n<\/tbody>\n<\/table>\n\t\t<\/div>\n\t<\/div>\n\t\n\t<div id=\"accordion-1104602321\" class=\"accordion-item\">\n\t\t<a id=\"accordion-1104602321-label\" class=\"accordion-title plain\" href=\"#accordion-item-was-ist-laktase?\" aria-expanded=\"false\" aria-controls=\"accordion-1104602321-content\">\n\t\t\t<button class=\"toggle\" aria-label=\"Toggle\"><i class=\"icon-angle-down\" aria-hidden=\"true\"><\/i><\/button>\n\t\t\t<span>Was ist Laktase?<\/span>\n\t\t<\/a>\n\t\t<div id=\"accordion-1104602321-content\" class=\"accordion-inner\" aria-labelledby=\"accordion-1104602321-label\">\n\t\t\t\n<p>Laktase ist ein Enzym, welches unter anderem f\u00fcr die Aufspaltung des Milchzuckers (Laktose) verantwortlich ist. Das bedeutet, dass Laktase die Verdauung von Milchprodukten f\u00f6rdert.<\/p>\n\t\t<\/div>\n\t<\/div>\n\t\n\t<div id=\"accordion-813053732\" class=\"accordion-item\">\n\t\t<a id=\"accordion-813053732-label\" class=\"accordion-title plain\" href=\"#accordion-item-was-bedeutet-aktivierungszeit?\" aria-expanded=\"false\" aria-controls=\"accordion-813053732-content\">\n\t\t\t<button class=\"toggle\" aria-label=\"Toggle\"><i class=\"icon-angle-down\" aria-hidden=\"true\"><\/i><\/button>\n\t\t\t<span>Was bedeutet Aktivierungszeit?<\/span>\n\t\t<\/a>\n\t\t<div id=\"accordion-813053732-content\" class=\"accordion-inner\" aria-labelledby=\"accordion-813053732-label\">\n\t\t\t\n<p>Es ist sinnvoll, das anger\u00fchrte Getr\u00e4nk vor der Einnahme f\u00fcr 10min ruhen zu lassen. Somit k\u00f6nnen sich die enthaltenen Darmbakterien optimal entfalten.<\/p>\n\t\t<\/div>\n\t<\/div>\n\t\n\t<div id=\"accordion-3169164289\" class=\"accordion-item\">\n\t\t<a id=\"accordion-3169164289-label\" class=\"accordion-title plain\" href=\"#accordion-item-allgemeines-zu-darmbakterien\" aria-expanded=\"false\" aria-controls=\"accordion-3169164289-content\">\n\t\t\t<button class=\"toggle\" aria-label=\"Toggle\"><i class=\"icon-angle-down\" aria-hidden=\"true\"><\/i><\/button>\n\t\t\t<span>Allgemeines zu Darmbakterien<\/span>\n\t\t<\/a>\n\t\t<div id=\"accordion-3169164289-content\" class=\"accordion-inner\" aria-labelledby=\"accordion-3169164289-label\">\n\t\t\t\n<p>Noch immer verbinden viele Menschen Bakterien mit etwas Negativem und glauben, dass ausnahmslos alle Bakterien sch\u00e4dlich sind. Wenn genau diese Menschen w\u00fcssten, dass ein durchschnittlicher Mensch aus einer Ansammlung von rund 1,5 Kilogramm Bakterien besteht, w\u00fcrde sich ihnen wohl der Magen umdrehen. Diese Bakterien, die insgesamt 400-500 Arten umfassen, sind f\u00fcr uns alles andere als sch\u00e4dlich.<\/p>\n<p>Ein Gro\u00dfteil dieser Bakterien lebt in unserem Darm und spielt eine wichtige Rolle f\u00fcr unser Wohlbefinden. Auch unter dem Namen Darmflora bekannt, verrichten sie zahlreiche bedeutende Aufgaben, wie die Aufspaltung von Nahrungsbestandteilen. Ohne unsere Darmflora k\u00f6nnten wir nur einen Bruchteil an N\u00e4hrstoffen aufnehmen. Dar\u00fcber hinaus halten die &#8222;guten&#8220; Bakterien potenziell sch\u00e4dliche Bakterien davon ab, sich im Darm unkontrolliert zu vermehren.<\/p>\n<p>Es ist wichtig, dass wir unsere Darmflora im Gleichgewicht halten. Besonders nach einer Antibiotika-Behandlung ist die Unterst\u00fctzung der Darmflora entscheidend. Antibiotika k\u00f6nnen n\u00e4mlich nicht zwischen &#8222;n\u00fctzlichen&#8220; und &#8222;sch\u00e4dlichen&#8220; Bakterien unterscheiden. Bevor wir dir sagen, was du tun kannst, um deine Darmflora zu unterst\u00fctzen, solltest du die Symptome einer gest\u00f6rten Darmflora erkennen.<\/p>\n<p>Mehr Informationen zum Thema findest du im Fachartikel <a href=\"https:\/\/fitnfemale.com\/deu\/darmgesundheit-die-besten-strategien-fuer-einen-gesunden-darm\/\" target=\"_blank\" rel=\"noopener noreferrer\">Darmgesundheit \u2013 Die besten Strategien f\u00fcr einen gesunden Darm<\/a><\/p>\n\t\t<\/div>\n\t<\/div>\n\t\n\t<div id=\"accordion-3189809230\" class=\"accordion-item\">\n\t\t<a id=\"accordion-3189809230-label\" class=\"accordion-title plain\" href=\"#accordion-item-die-perfekte-einnahme-von-women&#039;s-biotics\" aria-expanded=\"false\" aria-controls=\"accordion-3189809230-content\">\n\t\t\t<button class=\"toggle\" aria-label=\"Toggle\"><i class=\"icon-angle-down\" aria-hidden=\"true\"><\/i><\/button>\n\t\t\t<span>Die perfekte Einnahme von Women's Biotics<\/span>\n\t\t<\/a>\n\t\t<div id=\"accordion-3189809230-content\" class=\"accordion-inner\" aria-labelledby=\"accordion-3189809230-label\">\n\t\t\t\n\t<div class=\"img has-hover x md-x lg-x y md-y lg-y\" id=\"image_1162514710\">\n\t\t\t\t\t\t\t\t<div class=\"img-inner dark\" >\n\t\t\t<img decoding=\"async\" width=\"1020\" height=\"569\" src=\"https:\/\/fitnfemale.com\/wp-content\/uploads\/womensbiotics-closeup5.webp\" class=\"attachment-large size-large\" alt=\"Womensbiotics closeup5\" srcset=\"https:\/\/fitnfemale.com\/wp-content\/uploads\/womensbiotics-closeup5.webp 1376w, https:\/\/fitnfemale.com\/wp-content\/uploads\/womensbiotics-closeup5-717x400.webp 717w, https:\/\/fitnfemale.com\/wp-content\/uploads\/womensbiotics-closeup5-768x429.webp 768w, https:\/\/fitnfemale.com\/wp-content\/uploads\/womensbiotics-closeup5-18x10.webp 18w, https:\/\/fitnfemale.com\/wp-content\/uploads\/womensbiotics-closeup5-1000x558.webp 1000w\" sizes=\"(max-width: 1020px) 100vw, 1020px\" \/>\t\t\t\t\t\t\n\t\t\t\t\t<\/div>\n\t\t\t\t\t\t\t\t\n<style>\n#image_1162514710 {\n  width: 100%;\n}\n<\/style>\n\t<\/div>\n\t\n<ul>\n<li class=\"bullet-star\">Women&#8217;s Biotics sollte immer losgel\u00f6st vom Essen eingenommen werden, vorzugsweise morgens, nach dem Aufstehen, auf n\u00fcchternem Magen.<\/li>\n<li class=\"bullet-star\">Nach der Einnahme sollte man mindestens 30 Minuten bis zur n\u00e4chsten Mahlzeit warten.<\/li>\n<li class=\"bullet-star\">Als alternatives Einnahmefenster zum Morgen bietet sich die Einnahme vor dem Schlafen an. Hier ist zu beachten, dass die letzte Mahlzeit bereits 2 &#8211; 3 Stunden her sein sollte.<\/li>\n<li class=\"bullet-star\">Die Aktivierungszeit von 10 Minuten einhalten (Details siehe oben)<\/li>\n<\/ul>\n\t\t<\/div>\n\t<\/div>\n\t\n<\/div>\n\t<div id=\"gap-1788930549\" class=\"gap-element clearfix hide-for-small\" style=\"display:block; height:auto;\">\n\t\t\n<style>\n#gap-1788930549 {\n  padding-top: 0px;\n}\n@media (min-width:550px) {\n  #gap-1788930549 {\n    padding-top: 30px;\n  }\n}\n<\/style>\n\t<\/div>\n\t\n<div class=\"row align-equal align-center\"  id=\"row-977784953\">\n\n\t<div id=\"col-969186760\" class=\"col medium-8 small-12 large-8\"  >\n\t\t\t\t<div class=\"col-inner text-center\"  >\n\t\t\t\n\t\t\t\n\t<div id=\"text-336918506\" class=\"text\">\n\t\t\n<h4 class=\"uppercase\">Wieso Probiotika, wieso Women&#8217;s Biotics?<\/h4>\n\t\t\n<style>\n#text-336918506 {\n  font-size: 1.1rem;\n  line-height: 1.5;\n  text-align: center;\n}\n@media (min-width:550px) {\n  #text-336918506 {\n    text-align: center;\n  }\n}\n<\/style>\n\t<\/div>\n\t\n<div style=\"position: relative; padding-top: 125%;\"><iframe style=\"border: none; position: absolute; top: 0; left: 0; height: 100%; width: 100%;\" src=\"https:\/\/customer-8lijnwgk5zjwtm39.cloudflarestream.com\/f2b260e01ad34a7700e2d8941193fd22\/iframe?poster=https%3A%2F%2Fcustomer-8lijnwgk5zjwtm39.cloudflarestream.com%2Ff2b260e01ad34a7700e2d8941193fd22%2Fthumbnails%2Fthumbnail.jpg%3Ftime%3D%26height%3D600\" allowfullscreen=\"allowfullscreen\"><\/iframe><\/div>\n\t\t<\/div>\n\t\t\t\t\n<style>\n#col-969186760 > .col-inner {\n  padding: 20px 0px 20px 0px;\n}\n@media (min-width:550px) {\n  #col-969186760 > .col-inner {\n    padding: 20px 50px 20px 50px;\n  }\n}\n<\/style>\n\t<\/div>\n\n\t\n\n<style>\n#row-977784953 > .col > .col-inner {\n  padding: 20px 20px 20px 20px;\n  background-color: rgb(252, 237, 238);\n}\n<\/style>\n<\/div>","protected":false},"excerpt":{"rendered":"<h2>Die besten Entscheidungen trifft man mit einem guten Bauchgef\u00fchl.<\/h2>\n<h4>Unser Darm spielt eine wichtige Rolle im K\u00f6rper und tr\u00e4gt zu unserem allgemeinen Wohlbefinden bei.<\/h4>\n<ul>\n<li class=\"bullet-star\">Unterst\u00fctze deine Verdauung: Unsere Mischung enth\u00e4lt 10 Milliarden Probiotika-Kulturen pro Portion.<\/li>\n<li class=\"bullet-star\">Laktase-Enzym f\u00fcr eine bessere Vertr\u00e4glichkeit von Milchprodukten<\/li>\n<li class=\"bullet-star\">Unterst\u00fctze deine Darmgesundheit: Pro Portion sind 64% Ballaststoffe enthalten, die zu einer ausgewogenen Ern\u00e4hrung beitragen k\u00f6nnen.<\/li>\n<li class=\"bullet-star\">Gesunde Wahl: Pflanzlich, glutenfrei und laktosefrei, was es zu einer guten Wahl f\u00fcr eine ausgewogene Ern\u00e4hrung macht.<\/li>\n<li class=\"bullet-star translation-block\">Umweltbewusst: <strong>100% recycelbare Verpackung<\/strong> f\u00fcr eine nachhaltigere Zukunft.<\/li>\n<\/ul>","protected":false},"featured_media":955288,"comment_status":"open","ping_status":"closed","template":"","meta":{"slim_seo":{"title":"Women's Biotics - FitNFemale\u00ae","description":"Die besten Entscheidungen trifft man mit einem guten Bauchgef\u00fchl. Unser Darm spielt eine wichtige Rolle im K\u00f6rper und tr\u00e4gt zu unserem allgemeinen Wohlbefinden"}},"product_brand":[],"product_cat":[6364,317,6629,619,401],"product_tag":[],"class_list":{"0":"post-336558","1":"product","2":"type-product","3":"status-publish","4":"has-post-thumbnail","6":"product_cat-promo-30","7":"product_cat-abnehmen","8":"product_cat-basic","9":"product_cat-fitness-drink","10":"product_cat-health","11":"pa_anwendungsbereiche-better-digestion","12":"pa_anwendungsbereiche-weightloss","13":"pa_anwendungsbereiche-skin-hair-nails","14":"pa_anwendungsbereiche-immune-system","15":"pa_anwendungsbereiche-metabolism","16":"pa_marke-fitnfemale","17":"pa_misc-glutenfree","18":"pa_misc-lactosefree","19":"pa_misc-vegetarian","20":"pa_schwangerschaft-geeignet","21":"pa_stillzeit-geeignet","22":"pa_vegan-ja","24":"first","25":"instock","26":"featured","27":"taxable","28":"shipping-taxable","29":"purchasable","30":"product-type-variable","31":"has-default-attributes"},"bundled_by":["348815","545696","627259"],"bundle_stock_status":"instock","bundle_stock_quantity":null,"bundle_virtual":false,"bundle_layout":"","bundle_add_to_cart_form_location":"","bundle_editable_in_cart":false,"bundle_sold_individually_context":"","bundle_item_grouping":"","bundle_min_size":"","bundle_max_size":"","bundle_price":[],"bundled_items":[],"bundle_sell_ids":[],"gallery_images":[955292,955293,908759,955297,955298,906980,955294,955296],"_links":{"self":[{"href":"https:\/\/fitnfemale.com\/deu\/wp-json\/wp\/v2\/product\/336558","targetHints":{"allow":["GET"]}}],"collection":[{"href":"https:\/\/fitnfemale.com\/deu\/wp-json\/wp\/v2\/product"}],"about":[{"href":"https:\/\/fitnfemale.com\/deu\/wp-json\/wp\/v2\/types\/product"}],"replies":[{"embeddable":true,"href":"https:\/\/fitnfemale.com\/deu\/wp-json\/wp\/v2\/comments?post=336558"}],"wp:featuredmedia":[{"embeddable":true,"href":"https:\/\/fitnfemale.com\/deu\/wp-json\/wp\/v2\/media\/955288"}],"wp:attachment":[{"href":"https:\/\/fitnfemale.com\/deu\/wp-json\/wp\/v2\/media?parent=336558"}],"wp:term":[{"taxonomy":"product_brand","embeddable":true,"href":"https:\/\/fitnfemale.com\/deu\/wp-json\/wp\/v2\/product_brand?post=336558"},{"taxonomy":"product_cat","embeddable":true,"href":"https:\/\/fitnfemale.com\/deu\/wp-json\/wp\/v2\/product_cat?post=336558"},{"taxonomy":"product_tag","embeddable":true,"href":"https:\/\/fitnfemale.com\/deu\/wp-json\/wp\/v2\/product_tag?post=336558"}],"curies":[{"name":"wp","href":"https:\/\/api.w.org\/{rel}","templated":true}]}}