{"id":231225,"date":"2019-06-12T13:30:40","date_gmt":"2019-06-12T12:30:40","guid":{"rendered":"https:\/\/fitnfemale.com\/?post_type=product&#038;p=231225"},"modified":"2026-04-12T18:11:22","modified_gmt":"2026-04-12T17:11:22","slug":"magnesium-citrate","status":"publish","type":"product","link":"https:\/\/fitnfemale.com\/deu\/produkt\/magnesium-citrate\/","title":{"rendered":"Magnesium Citrate"},"content":{"rendered":"<div class=\"img has-hover img-details x md-x lg-x y md-y lg-y\" id=\"image_1059061443\">\n\t\t\t\t\t\t\t\t<div class=\"img-inner dark\" >\n\t\t\t<img decoding=\"async\" width=\"1020\" height=\"569\" src=\"https:\/\/fitnfemale.com\/wp-content\/uploads\/magnesium-citrate-closeup-5.jpg\" class=\"attachment-large size-large\" alt=\"Magnesium citrate closeup\" srcset=\"https:\/\/fitnfemale.com\/wp-content\/uploads\/magnesium-citrate-closeup-5.jpg 1376w, https:\/\/fitnfemale.com\/wp-content\/uploads\/magnesium-citrate-closeup-5-717x400.jpg 717w, https:\/\/fitnfemale.com\/wp-content\/uploads\/magnesium-citrate-closeup-5-768x429.jpg 768w, https:\/\/fitnfemale.com\/wp-content\/uploads\/magnesium-citrate-closeup-5-18x10.jpg 18w, https:\/\/fitnfemale.com\/wp-content\/uploads\/magnesium-citrate-closeup-5-1000x558.jpg 1000w\" sizes=\"(max-width: 1020px) 100vw, 1020px\" \/>\t\t\t\t\t\t\n\t\t\t\t\t<\/div>\n\t\t\t\t\t\t\t\t\n<style>\n#image_1059061443 {\n  width: 100%;\n}\n<\/style>\n\t<\/div>\n\t\n<p>Lass dich von den Vorteilen des FitnFemale Magnesium Drink-Granulats \u00fcberzeugen und unterst\u00fctze dein Wohlbefinden \u2013 jeden Tag! Magnesium ist ein essentieller Mineralstoff, den dein K\u00f6rper nicht selbst herstellen kann. Eine Portion dieses Granulats deckt deinen t\u00e4glichen Magnesiumbedarf ab und tr\u00e4gt zu einer normalen Muskelfunktion sowie zum Elektrolytgleichgewicht bei. Bitte beachte, dass eine \u00fcberm\u00e4\u00dfige Einnahme von Magnesium abf\u00fchrend wirken kann.<\/p>\n<div class=\"accordion\">\n\t<div id=\"accordion-3035718999\" class=\"accordion-item\">\n\t\t<a id=\"accordion-3035718999-label\" class=\"accordion-title plain\" href=\"#accordion-item-was-ist-magnesium-und-wie-wirkt-es?\" aria-expanded=\"false\" aria-controls=\"accordion-3035718999-content\">\n\t\t\t<button class=\"toggle\" aria-label=\"Toggle\"><i class=\"icon-angle-down\" aria-hidden=\"true\"><\/i><\/button>\n\t\t\t<span>Was ist Magnesium und wie wirkt es?<\/span>\n\t\t<\/a>\n\t\t<div id=\"accordion-3035718999-content\" class=\"accordion-inner\" aria-labelledby=\"accordion-3035718999-label\">\n\t\t\t\n<p><strong>Magnesium \u2013 Ein wichtiges Mineral f\u00fcr unseren K\u00f6rper<\/strong><\/p>\n<p>Im Leben kommt es oft auf die kleinen Dinge an \u2013 das gilt auch f\u00fcr unseren K\u00f6rper. Magnesium ist an \u00fcber 300 Stoffwechselprozessen beteiligt und wird oft untersch\u00e4tzt. Hochwertiges Magnesiumcitrat ist bei Sportlern besonders beliebt, da es zur normalen Muskelfunktion beitr\u00e4gt und M\u00fcdigkeit sowie Ersch\u00f6pfung verringern kann.<\/p>\n<p><strong>Was ist Magnesium und wie wirkt es?<\/strong><\/p>\n<p>Magnesium ist ein lebensnotwendiger Mineralstoff, der an vielen wichtigen Prozessen im K\u00f6rper beteiligt ist. Es spielt eine wesentliche Rolle bei der Energieproduktion und tr\u00e4gt zur Reiz\u00fcbertragung zwischen Nerven und Muskeln bei. Zudem unterst\u00fctzt Magnesium die Erhaltung normaler Knochen und Z\u00e4hne.<\/p>\n\t\t<\/div>\n\t<\/div>\n\t\n\t<div id=\"accordion-1181492772\" class=\"accordion-item\">\n\t\t<a id=\"accordion-1181492772-label\" class=\"accordion-title plain\" href=\"#accordion-item-diese-vorteile-bietet-dir-magnesium\" aria-expanded=\"false\" aria-controls=\"accordion-1181492772-content\">\n\t\t\t<button class=\"toggle\" aria-label=\"Toggle\"><i class=\"icon-angle-down\" aria-hidden=\"true\"><\/i><\/button>\n\t\t\t<span>Diese Vorteile bietet dir Magnesium<\/span>\n\t\t<\/a>\n\t\t<div id=\"accordion-1181492772-content\" class=\"accordion-inner\" aria-labelledby=\"accordion-1181492772-label\">\n\t\t\t\n<ul>\n<li>Magnesium unterst\u00fctzt den Energiestoffwechsel und tr\u00e4gt zu einer normalen Energiebereitstellung bei.<\/li>\n<li>Nerven- und Muskelfunktion: Magnesium tr\u00e4gt zur normalen Funktion von Nerven und Muskeln bei.<\/li>\n<li>Aufnahme anderer Mineralstoffe: Magnesium unterst\u00fctzt viele Prozesse im K\u00f6rper, die f\u00fcr den Erhalt eines gesunden Mineralstoffhaushalts wichtig sind.<\/li>\n<\/ul>\n\t\t<\/div>\n\t<\/div>\n\t\n\t<div id=\"accordion-1406137067\" class=\"accordion-item\">\n\t\t<a id=\"accordion-1406137067-label\" class=\"accordion-title plain\" href=\"#accordion-item-warum-citrat-die-bessere-wahl-ist\" aria-expanded=\"false\" aria-controls=\"accordion-1406137067-content\">\n\t\t\t<button class=\"toggle\" aria-label=\"Toggle\"><i class=\"icon-angle-down\" aria-hidden=\"true\"><\/i><\/button>\n\t\t\t<span>Warum Citrat die bessere Wahl ist<\/span>\n\t\t<\/a>\n\t\t<div id=\"accordion-1406137067-content\" class=\"accordion-inner\" aria-labelledby=\"accordion-1406137067-label\">\n\t\t\t\n<p>Unser K\u00f6rper kann Magnesium je nach seiner chemischen Form unterschiedlich gut aufnehmen. W\u00e4hrend preiswerte Magnesiumtabletten aus dem Supermarkt oft nur schlecht verwertet werden k\u00f6nnen, ist dies bei Magnesiumcitrat anders. Magnesiumcitrat ist eine hochwertige Magnesiumverbindung, die sich durch ihre besonders hohe Bioverf\u00fcgbarkeit auszeichnet. Das bedeutet, dass dein K\u00f6rper das Mineral effizient und schnell aufnehmen kann, was eine optimale Versorgung gew\u00e4hrleistet.<\/p>\n\t\t<\/div>\n\t<\/div>\n\t\n\t<div id=\"accordion-441877464\" class=\"accordion-item\">\n\t\t<a id=\"accordion-441877464-label\" class=\"accordion-title plain\" href=\"#accordion-item-n\u00e4hrwerte\" aria-expanded=\"false\" aria-controls=\"accordion-441877464-content\">\n\t\t\t<button class=\"toggle\" aria-label=\"Toggle\"><i class=\"icon-angle-down\" aria-hidden=\"true\"><\/i><\/button>\n\t\t\t<span>N\u00e4hrwerte<\/span>\n\t\t<\/a>\n\t\t<div id=\"accordion-441877464-content\" class=\"accordion-inner\" aria-labelledby=\"accordion-441877464-label\">\n\t\t\t\n<table class=\"ffnf-clean-table\">\n<thead>\n<tr>\n<th>N\u00e4hrwerte<\/th>\n<th>100 g<\/th>\n<th>Portion (5 g)<\/th>\n<\/tr>\n<\/thead>\n<tbody>\n<tr>\n<td>Energie<\/td>\n<td>493 kJ \/ 116 kcal<\/td>\n<td>25 kJ \/ 6 kcal<\/td>\n<\/tr>\n<tr>\n<td>Fett<br \/>\u2013 davon ges\u00e4ttigte Fetts\u00e4uren<\/td>\n<td>0 g<br \/>0 g<\/td>\n<td>0 g<br \/>0 g<\/td>\n<\/tr>\n<tr>\n<td class=\"translation-block\">Kohlenhydrate<br>\u2013 davon Zucker<\/td>\n<td>29 g<br \/>1,6 g<\/td>\n<td>1,5 g<br \/>&lt; 0,5 g<\/td>\n<\/tr>\n<tr>\n<td>Eiweiss<\/td>\n<td>0 g<\/td>\n<td>0 g<\/td>\n<\/tr>\n<tr>\n<td>Salz<\/td>\n<td>0 g<\/td>\n<td>0 g<\/td>\n<\/tr>\n<\/tbody>\n<\/table>\n\t\t<\/div>\n\t<\/div>\n\t\n\t<div id=\"accordion-327132270\" class=\"accordion-item\">\n\t\t<a id=\"accordion-327132270-label\" class=\"accordion-title plain\" href=\"#accordion-item-inhaltstoffe\" aria-expanded=\"false\" aria-controls=\"accordion-327132270-content\">\n\t\t\t<button class=\"toggle\" aria-label=\"Toggle\"><i class=\"icon-angle-down\" aria-hidden=\"true\"><\/i><\/button>\n\t\t\t<span>Inhaltstoffe<\/span>\n\t\t<\/a>\n\t\t<div id=\"accordion-327132270-content\" class=\"accordion-inner\" aria-labelledby=\"accordion-327132270-label\">\n\t\t\t\n<table class=\"ffnf-clean-table\">\n<thead>\n<tr>\n<th>Inhaltsstoffe<\/th>\n<th>Portion (5 g)<\/th>\n<th>% NRV*<\/th>\n<\/tr>\n<\/thead>\n<tbody>\n<tr>\n<td>Magnesiumcitrat<br \/>\u2013 davon Magnesium<\/td>\n<td>2500 mg<br \/>375 mg<\/td>\n<td>100 %<\/td>\n<\/tr>\n<\/tbody>\n<\/table>\n\t\t<\/div>\n\t<\/div>\n\t\n\t<div id=\"accordion-98793881\" class=\"accordion-item\">\n\t\t<a id=\"accordion-98793881-label\" class=\"accordion-title plain\" href=\"#accordion-item-f\u00fcr-wen-magnesiumcitrat-besonders-geeignet-ist\" aria-expanded=\"false\" aria-controls=\"accordion-98793881-content\">\n\t\t\t<button class=\"toggle\" aria-label=\"Toggle\"><i class=\"icon-angle-down\" aria-hidden=\"true\"><\/i><\/button>\n\t\t\t<span>F\u00fcr wen Magnesiumcitrat besonders geeignet ist<\/span>\n\t\t<\/a>\n\t\t<div id=\"accordion-98793881-content\" class=\"accordion-inner\" aria-labelledby=\"accordion-98793881-label\">\n\t\t\t\n<p>Wenn du sportlich aktiv bist, kann dein Magnesiumbedarf durch die k\u00f6rperliche Belastung erh\u00f6ht sein. Magnesiumcitrat ist eine hochwertige und leicht verf\u00fcgbare Form, um die normale Funktion deiner Muskeln zu unterst\u00fctzen. Es tr\u00e4gt au\u00dferdem zur Verringerung von M\u00fcdigkeit bei. Besonders Menschen, die k\u00f6rperlich aktiv sind oder speziellen Belastungen ausgesetzt sind, wie \u00e4ltere Menschen oder Schwangere, profitieren von einer ausreichenden Magnesiumversorgung.<\/p>\n\t\t<\/div>\n\t<\/div>\n\t\n<\/div>","protected":false},"excerpt":{"rendered":"<h2>Keine Kompromisse, wenn es um hochwertiges Magnesium geht<\/h2>\n<p>Eine Portion pro Tag liefert einen wichtigen Beitrag zu deiner Magnesiumversorgung und tr\u00e4gt zur normalen Funktion deiner Muskeln und deines Nervensystems bei. Au\u00dferdem unterst\u00fctzt es das Elektrolytgleichgewicht, hilft bei der Verringerung von M\u00fcdigkeit und Erm\u00fcdung und tr\u00e4gt zu einer normalen psychischen Funktion bei.<\/p>\n<ul>\n<li class=\"bullet-star\">Geniesse den leckeren und erfrischenden Mango-Pfirsich-Geschmack<\/li>\n<li class=\"bullet-star\">Profitiere von der perfekten L\u00f6slichkeit und der hohen Bioverf\u00fcgbarkeit<\/li>\n<li class=\"bullet-star\">Unterst\u00fctze den Erhalt normaler Knochen und Z\u00e4hne<\/li>\n<li class=\"bullet-star\">Magnesiumcitrat ist eine leicht aufnehmbare Magnesiumform<\/li>\n<li class=\"bullet-star\">Magnesium unterst\u00fctzt den Erhalt normaler Knochen und Z\u00e4hne.<\/li>\n<li class=\"bullet-star\">Magnesiumcitrat kann die Aktivierung und Beschleunigung von Darmbewegungen unterst\u00fctzen.<\/li>\n<li class=\"bullet-star\">60 Portionen pro Dose<\/li>\n<\/ul>","protected":false},"featured_media":953783,"comment_status":"open","ping_status":"closed","template":"","meta":{"slim_seo":{"title":"Magnesium Citrate - FitNFemale\u00ae","description":"Keine Kompromisse, wenn es um hochwertiges Magnesium geht Eine Portion pro Tag liefert einen wichtigen Beitrag zu deiner Magnesiumversorgung und tr\u00e4gt zur norma"}},"product_brand":[],"product_cat":[6364,6629,619,401],"product_tag":[],"class_list":{"0":"post-231225","1":"product","2":"type-product","3":"status-publish","4":"has-post-thumbnail","6":"product_cat-promo-30","7":"product_cat-basic","8":"product_cat-fitness-drink","9":"product_cat-health","10":"pa_anwendungsbereiche-health","11":"pa_anwendungsbereiche-recovery","12":"pa_marke-fitnfemale","13":"pa_misc-glutenfree","14":"pa_misc-lactosefree","15":"pa_misc-vegetarian","16":"pa_nutritionfactinfo-nofat","17":"pa_nutritionfactinfo-glutenfree","18":"pa_nutritionfactinfo-nocarbs","19":"pa_nutritionfactinfo-lactosefree","20":"pa_nutritionfactinfo-lowcalories","21":"pa_nutritionfactinfo-nosugar","22":"pa_schwangerschaft-geeignet","23":"pa_stillzeit-geeignet","24":"pa_vegan-ja","26":"first","27":"instock","28":"featured","29":"taxable","30":"shipping-taxable","31":"purchasable","32":"product-type-variable","33":"has-default-attributes"},"bundled_by":["348815","627104","956599","956646","957225"],"bundle_stock_status":"instock","bundle_stock_quantity":null,"bundle_virtual":false,"bundle_layout":"","bundle_add_to_cart_form_location":"","bundle_editable_in_cart":false,"bundle_sold_individually_context":"","bundle_item_grouping":"","bundle_min_size":"","bundle_max_size":"","bundle_price":[],"bundled_items":[],"bundle_sell_ids":[],"gallery_images":[953785,953786,594606,953787,942915,953784,908198],"_links":{"self":[{"href":"https:\/\/fitnfemale.com\/deu\/wp-json\/wp\/v2\/product\/231225","targetHints":{"allow":["GET"]}}],"collection":[{"href":"https:\/\/fitnfemale.com\/deu\/wp-json\/wp\/v2\/product"}],"about":[{"href":"https:\/\/fitnfemale.com\/deu\/wp-json\/wp\/v2\/types\/product"}],"replies":[{"embeddable":true,"href":"https:\/\/fitnfemale.com\/deu\/wp-json\/wp\/v2\/comments?post=231225"}],"wp:featuredmedia":[{"embeddable":true,"href":"https:\/\/fitnfemale.com\/deu\/wp-json\/wp\/v2\/media\/953783"}],"wp:attachment":[{"href":"https:\/\/fitnfemale.com\/deu\/wp-json\/wp\/v2\/media?parent=231225"}],"wp:term":[{"taxonomy":"product_brand","embeddable":true,"href":"https:\/\/fitnfemale.com\/deu\/wp-json\/wp\/v2\/product_brand?post=231225"},{"taxonomy":"product_cat","embeddable":true,"href":"https:\/\/fitnfemale.com\/deu\/wp-json\/wp\/v2\/product_cat?post=231225"},{"taxonomy":"product_tag","embeddable":true,"href":"https:\/\/fitnfemale.com\/deu\/wp-json\/wp\/v2\/product_tag?post=231225"}],"curies":[{"name":"wp","href":"https:\/\/api.w.org\/{rel}","templated":true}]}}