{"id":217135,"date":"2019-06-01T10:53:57","date_gmt":"2019-06-01T09:53:57","guid":{"rendered":"https:\/\/fitnfemale.com\/?post_type=product&#038;p=217135"},"modified":"2026-04-12T18:12:38","modified_gmt":"2026-04-12T17:12:38","slug":"train","status":"publish","type":"product","link":"https:\/\/fitnfemale.com\/deu\/produkt\/train\/","title":{"rendered":"TRAIN &#8211; Benefit"},"content":{"rendered":"<p>Entfalte dein volles Potenzial mit Train Benefit \u2013 der ultimative Partner f\u00fcr deine Trainingsroutine. Wir haben Train Benefit speziell konzipiert, um nicht nur deine Muskeln, sondern deinen gesamten K\u00f6rper w\u00e4hrend und nach intensiven Workouts zu unterst\u00fctzen.<\/p>\n<p><strong>Highlights von Train Benefit<\/strong><\/p>\n<ul>\n<li class=\"bullet-star translation-block\"><strong>Ultra Micronized EAA Formula<\/strong>: Versorgt die Muskeln mit essentiellen Aminos\u00e4uren, die der K\u00f6rper nicht selbst herstellen kann.<\/li>\n<li class=\"bullet-star translation-block\"><strong>Magnesium (Citrat)<\/strong>: Unterst\u00fctzt das Elektrolytgleichgewicht und die normale Funktion des Nervensystems.<\/li>\n<li class=\"bullet-star translation-block\"><strong>Niedriger Kaloriengehalt<\/strong>: Nur 6 Kalorien pro 100ml des Getr\u00e4nks.<\/li>\n<\/ul>\n<p><strong>Mehr als nur Aminos\u00e4uren<\/strong><\/p>\n<ul>\n<li class=\"bullet-star translation-block\"><strong>Umfassende N\u00e4hrstoffversorgung<\/strong>: Eine perfekte Mischung aller neun essenziellen Aminos\u00e4uren unterst\u00fctzt den Muskelaufbau und beschleunigt die Regeneration.<\/li>\n<li class=\"bullet-star translation-block\"><strong>Elektrolyt-Balance<\/strong>: Erhalte deine Leistungsf\u00e4higkeit durch Aufrechterhaltung der Hydration, selbst bei intensivstem Training.<\/li>\n<li class=\"bullet-star translation-block\"><strong>Magnesium f\u00fcr Muskeln<\/strong>: Tr\u00e4gt zu einer normalen Muskelfunktion bei und reduziert M\u00fcdigkeit.<\/li>\n<li class=\"bullet-star translation-block\"><strong>Vitalstoffe f\u00fcr das Immunsystem<\/strong>: Eine ausgew\u00e4hlte Kombination von Vitaminen tr\u00e4gt zur normalen Funktion des Immunsystems bei.<\/li>\n<\/ul>\n<p>Entdecke, wie Train Benefit dein Training transformiert und dir hilft, deine Ziele zu erreichen!<\/p>\n<p>&nbsp;<\/p>\n<div class=\"accordion\">\n\t<div id=\"accordion-1881504299\" class=\"accordion-item\">\n\t\t<a id=\"accordion-1881504299-label\" class=\"accordion-title plain\" href=\"#accordion-item-n\u00e4hrwerte\" aria-expanded=\"false\" aria-controls=\"accordion-1881504299-content\">\n\t\t\t<button class=\"toggle\" aria-label=\"Toggle\"><i class=\"icon-angle-down\" aria-hidden=\"true\"><\/i><\/button>\n\t\t\t<span>N\u00e4hrwerte<\/span>\n\t\t<\/a>\n\t\t<div id=\"accordion-1881504299-content\" class=\"accordion-inner\" aria-labelledby=\"accordion-1881504299-label\">\n\t\t\t\n\t<div class=\"img has-hover x md-x lg-x y md-y lg-y\" id=\"image_653166321\">\n\t\t\t\t\t\t\t\t<div class=\"img-inner dark\" >\n\t\t\t<img decoding=\"async\" width=\"1020\" height=\"456\" src=\"https:\/\/fitnfemale.com\/wp-content\/uploads\/facts-train-benefit.jpg\" class=\"attachment-large size-large\" alt=\"Facts Train Benefit\" srcset=\"https:\/\/fitnfemale.com\/wp-content\/uploads\/facts-train-benefit.jpg 1199w, https:\/\/fitnfemale.com\/wp-content\/uploads\/facts-train-benefit-1000x447.jpg 1000w, https:\/\/fitnfemale.com\/wp-content\/uploads\/facts-train-benefit-800x358.jpg 800w, https:\/\/fitnfemale.com\/wp-content\/uploads\/facts-train-benefit-768x343.jpg 768w, https:\/\/fitnfemale.com\/wp-content\/uploads\/facts-train-benefit-18x8.jpg 18w\" sizes=\"(max-width: 1020px) 100vw, 1020px\" \/>\t\t\t\t\t\t\n\t\t\t\t\t<\/div>\n\t\t\t\t\t\t\t\t\n<style>\n#image_653166321 {\n  width: 86%;\n}\n<\/style>\n\t<\/div>\n\t\n\t\t<\/div>\n\t<\/div>\n\t\n<\/div>","protected":false},"excerpt":{"rendered":"<h2>Maximiere deine Leistung mit Train Benefit! Entdecke die synergetische Kraft ultrafeiner EAAs, Elektrolyte und essenzieller N\u00e4hrstoffe in einer All-in-One Formel.<\/h2>\n<p>Unsere hochentwickelten EAAs, kombiniert mit Magnesium und nat\u00fcrlichen Extrakten, sind dein Schl\u00fcssel zu neuen Trainingsh\u00f6hen. Genie\u00dfe den k\u00f6stlichen Mango-Maracuja-Geschmack, der jedes Workout zu einem fruchtigen Erlebnis macht.<br \/>\nIdeal f\u00fcr Di\u00e4t- und Aufbauphasen \u2013 Dein Training verdient diesen Boost!<\/p>","protected":false},"featured_media":916175,"comment_status":"open","ping_status":"closed","template":"","meta":{"slim_seo":{"title":"TRAIN - Benefit - FitNFemale\u00ae","description":"Maximiere deine Leistung mit Train Benefit! Entdecke die synergetische Kraft ultrafeiner EAAs, Elektrolyte und essenzieller N\u00e4hrstoffe in einer All-in-One Forme"}},"product_brand":[],"product_cat":[6364,317,6629,1047,619,401],"product_tag":[],"class_list":{"0":"post-217135","1":"product","2":"type-product","3":"status-publish","4":"has-post-thumbnail","6":"product_cat-promo-30","7":"product_cat-abnehmen","8":"product_cat-basic","9":"product_cat-fit-strong","10":"product_cat-fitness-drink","11":"product_cat-health","12":"pa_anwendungsbereiche-for-your-workout","13":"pa_anwendungsbereiche-muskelversorgung","14":"pa_marke-fitnfemale","15":"pa_misc-aspartamfree","16":"pa_misc-glutenfree","17":"pa_misc-vegetarian","18":"pa_nutritionfactinfo-highprotein","19":"pa_nutritionfactinfo-lactosefree","20":"pa_nutritionfactinfo-lowcalories","21":"pa_nutritionfactinfo-lowcarb","22":"pa_nutritionfactinfo-lowfat","23":"pa_nutritionfactinfo-lowsugar","24":"pa_schwangerschaft-geeignet","25":"pa_stillzeit-geeignet","27":"first","28":"outofstock","29":"taxable","30":"shipping-taxable","31":"purchasable","32":"product-type-variable","33":"has-default-attributes"},"bundled_by":["5439","606937","627104"],"bundle_stock_status":"outofstock","bundle_stock_quantity":null,"bundle_virtual":false,"bundle_layout":"","bundle_add_to_cart_form_location":"","bundle_editable_in_cart":false,"bundle_sold_individually_context":"","bundle_item_grouping":"","bundle_min_size":"","bundle_max_size":"","bundle_price":[],"bundled_items":[],"bundle_sell_ids":[],"gallery_images":[810118,907979,847192,799265,842418,811868,814961,847189],"_links":{"self":[{"href":"https:\/\/fitnfemale.com\/deu\/wp-json\/wp\/v2\/product\/217135","targetHints":{"allow":["GET"]}}],"collection":[{"href":"https:\/\/fitnfemale.com\/deu\/wp-json\/wp\/v2\/product"}],"about":[{"href":"https:\/\/fitnfemale.com\/deu\/wp-json\/wp\/v2\/types\/product"}],"replies":[{"embeddable":true,"href":"https:\/\/fitnfemale.com\/deu\/wp-json\/wp\/v2\/comments?post=217135"}],"wp:featuredmedia":[{"embeddable":true,"href":"https:\/\/fitnfemale.com\/deu\/wp-json\/wp\/v2\/media\/916175"}],"wp:attachment":[{"href":"https:\/\/fitnfemale.com\/deu\/wp-json\/wp\/v2\/media?parent=217135"}],"wp:term":[{"taxonomy":"product_brand","embeddable":true,"href":"https:\/\/fitnfemale.com\/deu\/wp-json\/wp\/v2\/product_brand?post=217135"},{"taxonomy":"product_cat","embeddable":true,"href":"https:\/\/fitnfemale.com\/deu\/wp-json\/wp\/v2\/product_cat?post=217135"},{"taxonomy":"product_tag","embeddable":true,"href":"https:\/\/fitnfemale.com\/deu\/wp-json\/wp\/v2\/product_tag?post=217135"}],"curies":[{"name":"wp","href":"https:\/\/api.w.org\/{rel}","templated":true}]}}